{"id":66,"date":"2018-09-04T08:27:47","date_gmt":"2018-09-04T08:27:47","guid":{"rendered":"http:\/\/www.donbosco.cz\/?page_id=66"},"modified":"2026-06-11T06:52:11","modified_gmt":"2026-06-11T06:52:11","slug":"internat","status":"publish","type":"page","link":"https:\/\/www.donbosco.cz\/index.php\/internat\/","title":{"rendered":"Intern\u00e1t rodinn\u00e9ho typu"},"content":{"rendered":"\n<p><a href=\"https:\/\/www.donbosco.cz\/index.php\/internat\/informace-pro-rodice\/\"><strong>Informace pro rodi\u010de ZDE<\/strong><\/a><\/p>\n\n\n\n<p><strong>Co v\u0161echno d\u011bl\u00e1me na intern\u00e1tu? Pod\u00edvejte se do fotogalerie<\/strong>\u00a0<a href=\"https:\/\/www.donbosco.cz\/index.php\/fotogalerie-2\/\"><strong>ZDE<\/strong><\/a>\u00a0.<\/p>\n\n\n\n<h2><strong>Ubytov\u00e1n\u00ed a prostory<\/strong><\/h2>\n\n\n\n<p>D\u011bti maj\u00ed k dispozici t\u0159\u00ed a\u017e p\u011btil\u016f\u017ekov\u00e9 pokoje. Pro spole\u010dn\u00e9 aktivity slou\u017e\u00ed kuchy\u0148ka, relaxa\u010dn\u00ed m\u00edstnost, keramick\u00e1 d\u00edlna a zahrada. O d\u011bti pe\u010duj\u00ed vychovatel\u00e9 \u2013 speci\u00e1ln\u00ed pedagogov\u00e9, kte\u0159\u00ed se sna\u017e\u00ed vytvo\u0159it klidn\u00e9 a p\u0159\u00edjemn\u00e9 prost\u0159ed\u00ed s atmosf\u00e9rou domova.<\/p>\n\n\n\n<h2><strong>Odpoledn\u00ed program<\/strong><\/h2>\n\n\n\n<p>Odpoledn\u00ed program navazuje na \u0161koln\u00ed v\u00fduku a zahrnuje p\u0159\u00edpravu na vyu\u010dov\u00e1n\u00ed a pravidelnou logopedickou intervenci. Voln\u00fd \u010das d\u011bti tr\u00e1v\u00ed v\u00fdtvarn\u00fdmi \u010dinnostmi, sportem, \u010detbou, spole\u010densk\u00fdmi hrami nebo pobytem na zahrad\u011b.<\/p>\n\n\n\n<h2><strong>Zahrada a volno\u010dasov\u00e9 aktivity<\/strong><\/h2>\n\n\n\n<p>Zahrada slou\u017e\u00ed k relaxaci, sportov\u00e1n\u00ed i p\u011bstov\u00e1n\u00ed plodin. \u010cast\u00e9 jsou tak\u00e9 vych\u00e1zky do botanick\u00e9 a zoologick\u00e9 zahrady, n\u00e1v\u0161t\u011bvy pra\u017esk\u00fdch pam\u00e1tek, v\u00fdstav a zaj\u00edmav\u00fdch akc\u00ed.<\/p>\n\n\n\n<h2><strong>Rodinn\u00e1 atmosf\u00e9ra<\/strong><\/h2>\n\n\n\n<p>Stejn\u011b jako doma se zde slav\u00ed sv\u00e1tky a narozeniny, d\u011bti vyr\u00e1b\u011bj\u00ed d\u00e1rky, pe\u010dou dorty a cukrov\u00ed a u\u010d\u00ed se spolupracovat v p\u0159\u00e1telsk\u00e9m a podporuj\u00edc\u00edm prost\u0159ed\u00ed.<\/p>\n\n\n\n<h2><strong>Logopedick\u00e1 zahrada<\/strong><\/h2>\n\n\n\n<p>Logopedick\u00e1 zahrada kolem intern\u00e1tu vy\u017eaduje pravidelnou p\u00e9\u010di a \u00fadr\u017ebu, ale nab\u00edz\u00ed za to spoustu aktivit \u2013 sportov\u00e1n\u00ed, relaxaci, t\u00e1bo\u0159en\u00ed, pozorov\u00e1n\u00ed pt\u00e1k\u016f \u010di p\u011bstov\u00e1n\u00ed kv\u011btin, zeleniny a ovoce. Spole\u010dn\u011b tu pro\u017e\u00edv\u00e1me v\u0161echna ro\u010dn\u00ed obdob\u00ed a sledujeme, jak se m\u011bn\u00ed p\u0159\u00edroda kolem n\u00e1s.<\/p>\n\n\n\n<h2><strong>Kontaktn\u00ed \u00fadaje<\/strong><\/h2>\n\n\n\n<figure class=\"wp-block-table\"><table><tbody><tr><td>Adresa:<\/td><td>Intern\u00e1t CZ\u0160 logopedick\u00e9 Don Bosco<br>Le\u0161ensk\u00e1 548<br>181 00 Praha 8 \u2013 Bohnice<\/td><\/tr><tr><td>E-mail:<\/td><td><a>internat@donbosco.cz<\/a><\/td><\/tr><tr><td>Kontaktn\u00ed \u00fadaje:<\/td><td>Jana Vok\u00e1lov\u00e1, vedouc\u00ed intern\u00e1tu<br>e: jana.vokalova@donbosco.cz<br>tel.: 603 844 990<\/td><\/tr><\/tbody><\/table><\/figure>\n","protected":false},"excerpt":{"rendered":"<p>Informace pro rodi\u010de ZDE Co v\u0161echno d\u011bl\u00e1me na intern\u00e1tu? Pod\u00edvejte se do fotogalerie\u00a0ZDE\u00a0. Ubytov\u00e1n\u00ed a prostory D\u011bti maj\u00ed k dispozici t\u0159\u00ed a\u017e p\u011btil\u016f\u017ekov\u00e9 pokoje. Pro spole\u010dn\u00e9 aktivity slou\u017e\u00ed kuchy\u0148ka, relaxa\u010dn\u00ed m\u00edstnost, keramick\u00e1 d\u00edlna a zahrada. O d\u011bti pe\u010duj\u00ed vychovatel\u00e9 \u2013 speci\u00e1ln\u00ed pedagogov\u00e9, kte\u0159\u00ed se sna\u017e\u00ed vytvo\u0159it klidn\u00e9 a p\u0159\u00edjemn\u00e9 prost\u0159ed\u00ed s atmosf\u00e9rou domova. Odpoledn\u00ed program &hellip; <\/p>\n<p class=\"link-more\"><a href=\"https:\/\/www.donbosco.cz\/index.php\/internat\/\" class=\"more-link\">Pokra\u010dovat ve \u010dten\u00ed<span class=\"screen-reader-text\"> &#8222;Intern\u00e1t rodinn\u00e9ho typu&#8220;<\/span><\/a><\/p>\n","protected":false},"author":2,"featured_media":0,"parent":0,"menu_order":0,"comment_status":"closed","ping_status":"closed","template":"","meta":[],"_links":{"self":[{"href":"https:\/\/www.donbosco.cz\/index.php\/wp-json\/wp\/v2\/pages\/66"}],"collection":[{"href":"https:\/\/www.donbosco.cz\/index.php\/wp-json\/wp\/v2\/pages"}],"about":[{"href":"https:\/\/www.donbosco.cz\/index.php\/wp-json\/wp\/v2\/types\/page"}],"author":[{"embeddable":true,"href":"https:\/\/www.donbosco.cz\/index.php\/wp-json\/wp\/v2\/users\/2"}],"replies":[{"embeddable":true,"href":"https:\/\/www.donbosco.cz\/index.php\/wp-json\/wp\/v2\/comments?post=66"}],"version-history":[{"count":30,"href":"https:\/\/www.donbosco.cz\/index.php\/wp-json\/wp\/v2\/pages\/66\/revisions"}],"predecessor-version":[{"id":5760,"href":"https:\/\/www.donbosco.cz\/index.php\/wp-json\/wp\/v2\/pages\/66\/revisions\/5760"}],"wp:attachment":[{"href":"https:\/\/www.donbosco.cz\/index.php\/wp-json\/wp\/v2\/media?parent=66"}],"curies":[{"name":"wp","href":"https:\/\/api.w.org\/{rel}","templated":true}]}}

Internát rodinného typu

<p><a href="https://www.donbosco.cz/index.php/internat/informace-pro-rodice/"><strong>Informace pro rodiče ZDE</strong></a></p>



<p><strong>Co všechno děláme na internátu? Podívejte se do fotogalerie</strong> <a href="https://www.donbosco.cz/index.php/fotogalerie-2/"><strong>ZDE</strong></a> .</p>



<h2><strong>Ubytování a prostory</strong></h2>



<p>Děti mají k dispozici tří až pětilůžkové pokoje. Pro společné aktivity slouží kuchyňka, relaxační místnost, keramická dílna a zahrada. O děti pečují vychovatelé – speciální pedagogové, kteří se snaží vytvořit klidné a příjemné prostředí s atmosférou domova.</p>



<h2><strong>Odpolední program</strong></h2>



<p>Odpolední program navazuje na školní výuku a zahrnuje přípravu na vyučování a pravidelnou logopedickou intervenci. Volný čas děti tráví výtvarnými činnostmi, sportem, četbou, společenskými hrami nebo pobytem na zahradě.</p>



<h2><strong>Zahrada a volnočasové aktivity</strong></h2>



<p>Zahrada slouží k relaxaci, sportování i pěstování plodin. Časté jsou také vycházky do botanické a zoologické zahrady, návštěvy pražských památek, výstav a zajímavých akcí.</p>



<h2><strong>Rodinná atmosféra</strong></h2>



<p>Stejně jako doma se zde slaví svátky a narozeniny, děti vyrábějí dárky, pečou dorty a cukroví a učí se spolupracovat v přátelském a podporujícím prostředí.</p>



<h2><strong>Logopedická zahrada</strong></h2>



<p>Logopedická zahrada kolem internátu vyžaduje pravidelnou péči a údržbu, ale nabízí za to spoustu aktivit – sportování, relaxaci, táboření, pozorování ptáků či pěstování květin, zeleniny a ovoce. Společně tu prožíváme všechna roční období a sledujeme, jak se mění příroda kolem nás.</p>



<h2><strong>Kontaktní údaje</strong></h2>



<figure class="wp-block-table"><table><tbody><tr><td>Adresa:</td><td>Internát CZŠ logopedické Don Bosco<br>Lešenská 548<br>181 00 Praha 8 – Bohnice</td></tr><tr><td>E-mail:</td><td><a>internat@donbosco.cz</a></td></tr><tr><td>Kontaktní údaje:</td><td>Jana Vokálová, vedoucí internátu<br>e: jana.vokalova@donbosco.cz<br>tel.: 603 844 990</td></tr></tbody></table></figure>

<p>Informace pro rodiče ZDE Co všechno děláme na internátu? Podívejte se do fotogalerie ZDE . Ubytování a prostory Děti mají k dispozici tří až pětilůžkové pokoje. Pro společné aktivity slouží kuchyňka, relaxační místnost, keramická dílna a zahrada. O děti pečují vychovatelé – speciální pedagogové, kteří se snaží vytvořit klidné a příjemné prostředí s atmosférou domova. Odpolední program &hellip; </p>
<p class="link-more"><a href="https://www.donbosco.cz/index.php/internat/" class="more-link">Pokračovat ve čtení<span class="screen-reader-text"> &#8222;Internát rodinného typu&#8220;</span></a></p>
