{"id":57,"date":"2018-09-04T08:01:22","date_gmt":"2018-09-04T08:01:22","guid":{"rendered":"http:\/\/www.donbosco.cz\/?page_id=57"},"modified":"2026-08-25T12:47:25","modified_gmt":"2026-08-25T12:47:25","slug":"organizace-skolniho-roku","status":"publish","type":"page","link":"https:\/\/www.donbosco.cz\/index.php\/zakladni-skola\/organizace-skolniho-roku\/","title":{"rendered":"Organizace \u0161koln\u00edho roku"},"content":{"rendered":"\n<h2><strong>Pr\u00e1zdniny a sv\u00e1tky v r\u00e1mci \u0161koln\u00edho roku 2026\/2027<\/strong><\/h2>\n\n\n\n<figure class=\"wp-block-table\"><table><tbody><tr><td><strong>Podzimn\u00ed pr\u00e1zdniny<\/strong><\/td><td>\u010dtvrtek 29. \u0159\u00edjna &#8211; p\u00e1tek 30. \u0159\u00edjna 2026 a d\u00edky st\u00e1tn\u00edmu sv\u00e1tku 28. \u0159\u00edjna si d\u011bti u\u017eij\u00ed 5 dn\u00ed volna v kuse<\/td><\/tr><tr><td><strong>V\u00e1no\u010dn\u00ed pr\u00e1zdniny<\/strong><\/td><td>st\u0159eda 23. prosince 2026 &#8211; ned\u011ble 3. ledna 2027, celkem 12 dn\u00ed volna, do \u0161koly d\u011bti p\u016fjdou v pond\u011bl\u00ed 4. 1. 2027<\/td><\/tr><tr><td><strong>Pololetn\u00ed pr\u00e1zdniny<\/strong><\/td><td>p\u00e1tek 29. ledna 2027, ve \u010dtvrtek d\u011bti obdr\u017e\u00ed vysv\u011bd\u010den\u00ed (v\u00fdpis) za 1. pololet\u00ed<\/td><\/tr><tr><td><strong>Jarn\u00ed pr\u00e1zdniny<\/strong><\/td><td>pond\u011bl\u00ed 1. b\u0159ezna &#8211;  ned\u011ble 7. b\u0159ezna 2027<\/td><\/tr><tr><td><strong>Velikono\u010dn\u00ed pr\u00e1zdniny<\/strong><\/td><td>\u010dtvrtek 25.\u00a0dubna 2027, spolu s Velk\u00fdm p\u00e1tkem 26.3. a Velikono\u010dn\u00edm pond\u011bl\u00edm 29.3. maj\u00ed d\u011bti 5 dn\u00ed volna<\/td><\/tr><tr><td><strong>Hlavn\u00ed pr\u00e1zdniny<\/strong><\/td><td>\u010dtvrtek 1. \u010dervence &#8211; \u00fater\u00fd 31. srpna 2027<\/td><\/tr><tr><td><strong>Za\u010d\u00e1tek \u0161koln\u00edho roku 2027\/2028<\/strong><\/td><td>ve st\u0159edu 1. z\u00e1\u0159\u00ed 2027<\/td><\/tr><\/tbody><\/table><\/figure>\n\n\n\n<p>                                           <\/p>\n\n\n\n<h2><strong>T\u0159\u00eddn\u00ed sch\u016fzky<\/strong> <strong>pro rok 2026\/2027<\/strong><\/h2>\n\n\n\n<figure class=\"wp-block-table\"><table><tbody><tr><td>\u00dater\u00fd  1. 9.\u00a0 2026 od 9:00 plat\u00ed pro na\u0161e prv\u0148\u00e1\u010dky, ostatn\u00ed ro\u010dn\u00edky 2.-9. dle domluvy<\/td><\/tr><tr><td>St\u0159eda 11. 11. 2026 od 16:30 <\/td><\/tr><tr><td>St\u0159eda  13. 1. 2027 od 16:30 <\/td><\/tr><tr><td>St\u0159eda 7. 4. 2027 od 16:30 <\/td><\/tr><tr><td>\u010cervnov\u00e9 sch\u016fzky jsou mo\u017en\u00e9 dle domluvy s p\u0159\u00edslu\u0161n\u00fdm t\u0159\u00eddn\u00edm u\u010ditelem. <\/td><\/tr><tr><td>Konzultace dle domluvy s p\u0159\u00edslu\u0161n\u00fdm u\u010ditelem.<\/td><\/tr><\/tbody><\/table><\/figure>\n\n\n\n<h2><strong>Ka\u017edoro\u010dn\u00ed akce na\u0161\u00ed \u0161koly<\/strong><\/h2>\n\n\n\n<p>Na\u0161e \u0161kola pravideln\u011b po\u0159\u00e1d\u00e1 tradi\u010dn\u00ed akce, kter\u00e9 propojuj\u00ed \u017e\u00e1ky, rodi\u010de i pedagogy. Slavnosti, tematick\u00e9 dny, vystoupen\u00ed i spole\u010dn\u00e1 setk\u00e1n\u00ed vytv\u00e1\u0159ej\u00ed prostor pro radost, sd\u00edlen\u00ed a posilov\u00e1n\u00ed \u0161koln\u00ed komunity. Tyto ud\u00e1losti jsou d\u016fle\u017eitou sou\u010d\u00e1st\u00ed \u017eivota \u0161koly a podporuj\u00ed p\u0159irozen\u00fd rozvoj d\u011bt\u00ed i jejich sebev\u011bdom\u00ed.<\/p>\n\n\n\n<p><a href=\"https:\/\/www.donbosco.cz\/index.php\/zakladni-skola\/kulturni-akce\/\"><strong>Pl\u00e1n<\/strong><\/a><\/p>\n","protected":false},"excerpt":{"rendered":"<p>Pr\u00e1zdniny a sv\u00e1tky v r\u00e1mci \u0161koln\u00edho roku 2026\/2027 Podzimn\u00ed pr\u00e1zdniny \u010dtvrtek 29. \u0159\u00edjna &#8211; p\u00e1tek 30. \u0159\u00edjna 2026 a d\u00edky st\u00e1tn\u00edmu sv\u00e1tku 28. \u0159\u00edjna si d\u011bti u\u017eij\u00ed 5 dn\u00ed volna v kuse V\u00e1no\u010dn\u00ed pr\u00e1zdniny st\u0159eda 23. prosince 2026 &#8211; ned\u011ble 3. ledna 2027, celkem 12 dn\u00ed volna, do \u0161koly d\u011bti p\u016fjdou v pond\u011bl\u00ed 4. 1. &hellip; <\/p>\n<p class=\"link-more\"><a href=\"https:\/\/www.donbosco.cz\/index.php\/zakladni-skola\/organizace-skolniho-roku\/\" class=\"more-link\">Pokra\u010dovat ve \u010dten\u00ed<span class=\"screen-reader-text\"> &#8222;Organizace \u0161koln\u00edho roku&#8220;<\/span><\/a><\/p>\n","protected":false},"author":5,"featured_media":0,"parent":38,"menu_order":0,"comment_status":"closed","ping_status":"closed","template":"","meta":[],"_links":{"self":[{"href":"https:\/\/www.donbosco.cz\/index.php\/wp-json\/wp\/v2\/pages\/57"}],"collection":[{"href":"https:\/\/www.donbosco.cz\/index.php\/wp-json\/wp\/v2\/pages"}],"about":[{"href":"https:\/\/www.donbosco.cz\/index.php\/wp-json\/wp\/v2\/types\/page"}],"author":[{"embeddable":true,"href":"https:\/\/www.donbosco.cz\/index.php\/wp-json\/wp\/v2\/users\/5"}],"replies":[{"embeddable":true,"href":"https:\/\/www.donbosco.cz\/index.php\/wp-json\/wp\/v2\/comments?post=57"}],"version-history":[{"count":42,"href":"https:\/\/www.donbosco.cz\/index.php\/wp-json\/wp\/v2\/pages\/57\/revisions"}],"predecessor-version":[{"id":5970,"href":"https:\/\/www.donbosco.cz\/index.php\/wp-json\/wp\/v2\/pages\/57\/revisions\/5970"}],"up":[{"embeddable":true,"href":"https:\/\/www.donbosco.cz\/index.php\/wp-json\/wp\/v2\/pages\/38"}],"wp:attachment":[{"href":"https:\/\/www.donbosco.cz\/index.php\/wp-json\/wp\/v2\/media?parent=57"}],"curies":[{"name":"wp","href":"https:\/\/api.w.org\/{rel}","templated":true}]}}

Organizace školního roku

<h2><strong>Prázdniny a svátky v rámci školního roku 2026/2027</strong></h2>



<figure class="wp-block-table"><table><tbody><tr><td><strong>Podzimní prázdniny</strong></td><td>čtvrtek 29. října &#8211; pátek 30. října 2026 a díky státnímu svátku 28. října si děti užijí 5 dní volna v kuse</td></tr><tr><td><strong>Vánoční prázdniny</strong></td><td>středa 23. prosince 2026 &#8211; neděle 3. ledna 2027, celkem 12 dní volna, do školy děti půjdou v pondělí 4. 1. 2027</td></tr><tr><td><strong>Pololetní prázdniny</strong></td><td>pátek 29. ledna 2027, ve čtvrtek děti obdrží vysvědčení (výpis) za 1. pololetí</td></tr><tr><td><strong>Jarní prázdniny</strong></td><td>pondělí 1. března &#8211;  neděle 7. března 2027</td></tr><tr><td><strong>Velikonoční prázdniny</strong></td><td>čtvrtek 25. dubna 2027, spolu s Velkým pátkem 26.3. a Velikonočním pondělím 29.3. mají děti 5 dní volna</td></tr><tr><td><strong>Hlavní prázdniny</strong></td><td>čtvrtek 1. července &#8211; úterý 31. srpna 2027</td></tr><tr><td><strong>Začátek školního roku 2027/2028</strong></td><td>ve středu 1. září 2027</td></tr></tbody></table></figure>



<p>                                           </p>



<h2><strong>Třídní schůzky</strong> <strong>pro rok 2026/2027</strong></h2>



<figure class="wp-block-table"><table><tbody><tr><td>Úterý  1. 9.  2026 od 9:00 platí pro naše prvňáčky, ostatní ročníky 2.-9. dle domluvy</td></tr><tr><td>Středa 11. 11. 2026 od 16:30 </td></tr><tr><td>Středa  13. 1. 2027 od 16:30 </td></tr><tr><td>Středa 7. 4. 2027 od 16:30 </td></tr><tr><td>Červnové schůzky jsou možné dle domluvy s příslušným třídním učitelem. </td></tr><tr><td>Konzultace dle domluvy s příslušným učitelem.</td></tr></tbody></table></figure>



<h2><strong>Každoroční akce naší školy</strong></h2>



<p>Naše škola pravidelně pořádá tradiční akce, které propojují žáky, rodiče i pedagogy. Slavnosti, tematické dny, vystoupení i společná setkání vytvářejí prostor pro radost, sdílení a posilování školní komunity. Tyto události jsou důležitou součástí života školy a podporují přirozený rozvoj dětí i jejich sebevědomí.</p>



<p><a href="https://www.donbosco.cz/index.php/zakladni-skola/kulturni-akce/"><strong>Plán</strong></a></p>

<p>Prázdniny a svátky v rámci školního roku 2026/2027 Podzimní prázdniny čtvrtek 29. října &#8211; pátek 30. října 2026 a díky státnímu svátku 28. října si děti užijí 5 dní volna v kuse Vánoční prázdniny středa 23. prosince 2026 &#8211; neděle 3. ledna 2027, celkem 12 dní volna, do školy děti půjdou v pondělí 4. 1. &hellip; </p>
<p class="link-more"><a href="https://www.donbosco.cz/index.php/zakladni-skola/organizace-skolniho-roku/" class="more-link">Pokračovat ve čtení<span class="screen-reader-text"> &#8222;Organizace školního roku&#8220;</span></a></p>
