{"id":3874,"date":"2024-02-05T18:00:01","date_gmt":"2024-02-05T18:00:01","guid":{"rendered":"https:\/\/www.donbosco.cz\/?page_id=3874"},"modified":"2024-02-05T18:00:01","modified_gmt":"2024-02-05T18:00:01","slug":"4-a-u-sv-terezy-v-kobylisich-a-v-narodnim-muzeu","status":"publish","type":"page","link":"https:\/\/www.donbosco.cz\/index.php\/4-a-u-sv-terezy-v-kobylisich-a-v-narodnim-muzeu\/","title":{"rendered":"4. A u sv. Terezy v Kobylis\u00edch a v N\u00e1rodn\u00edm muzeu"},"content":{"rendered":"\n<figure class=\"wp-block-gallery columns-3 is-cropped\"><ul class=\"blocks-gallery-grid\"><li class=\"blocks-gallery-item\"><figure><img loading=\"lazy\" width=\"768\" height=\"1024\" src=\"http:\/\/www.donbosco.cz\/wp-content\/uploads\/2024\/02\/71.jpg\" alt=\"\" data-id=\"3872\" data-full-url=\"http:\/\/www.donbosco.cz\/wp-content\/uploads\/2024\/02\/71.jpg\" data-link=\"https:\/\/www.donbosco.cz\/71\/\" class=\"wp-image-3872\" srcset=\"https:\/\/www.donbosco.cz\/wp-content\/uploads\/2024\/02\/71.jpg 768w, https:\/\/www.donbosco.cz\/wp-content\/uploads\/2024\/02\/71-225x300.jpg 225w\" sizes=\"(max-width: 767px) 89vw, (max-width: 1000px) 54vw, (max-width: 1071px) 543px, 580px\" \/><\/figure><\/li><li class=\"blocks-gallery-item\"><figure><img loading=\"lazy\" width=\"768\" height=\"1024\" src=\"http:\/\/www.donbosco.cz\/wp-content\/uploads\/2024\/02\/61.jpg\" alt=\"\" data-id=\"3871\" data-full-url=\"http:\/\/www.donbosco.cz\/wp-content\/uploads\/2024\/02\/61.jpg\" data-link=\"https:\/\/www.donbosco.cz\/61-2\/\" class=\"wp-image-3871\" srcset=\"https:\/\/www.donbosco.cz\/wp-content\/uploads\/2024\/02\/61.jpg 768w, https:\/\/www.donbosco.cz\/wp-content\/uploads\/2024\/02\/61-225x300.jpg 225w\" sizes=\"(max-width: 767px) 89vw, (max-width: 1000px) 54vw, (max-width: 1071px) 543px, 580px\" \/><\/figure><\/li><li class=\"blocks-gallery-item\"><figure><img loading=\"lazy\" width=\"1024\" height=\"768\" src=\"http:\/\/www.donbosco.cz\/wp-content\/uploads\/2024\/02\/51.jpg\" alt=\"\" data-id=\"3870\" data-full-url=\"http:\/\/www.donbosco.cz\/wp-content\/uploads\/2024\/02\/51.jpg\" data-link=\"https:\/\/www.donbosco.cz\/51\/\" class=\"wp-image-3870\" srcset=\"https:\/\/www.donbosco.cz\/wp-content\/uploads\/2024\/02\/51.jpg 1024w, https:\/\/www.donbosco.cz\/wp-content\/uploads\/2024\/02\/51-300x225.jpg 300w, https:\/\/www.donbosco.cz\/wp-content\/uploads\/2024\/02\/51-768x576.jpg 768w\" sizes=\"(max-width: 767px) 89vw, (max-width: 1000px) 54vw, (max-width: 1071px) 543px, 580px\" \/><\/figure><\/li><li class=\"blocks-gallery-item\"><figure><img loading=\"lazy\" width=\"1024\" height=\"768\" src=\"http:\/\/www.donbosco.cz\/wp-content\/uploads\/2024\/02\/41.jpg\" alt=\"\" data-id=\"3869\" data-full-url=\"http:\/\/www.donbosco.cz\/wp-content\/uploads\/2024\/02\/41.jpg\" data-link=\"https:\/\/www.donbosco.cz\/41\/\" class=\"wp-image-3869\" srcset=\"https:\/\/www.donbosco.cz\/wp-content\/uploads\/2024\/02\/41.jpg 1024w, https:\/\/www.donbosco.cz\/wp-content\/uploads\/2024\/02\/41-300x225.jpg 300w, https:\/\/www.donbosco.cz\/wp-content\/uploads\/2024\/02\/41-768x576.jpg 768w\" sizes=\"(max-width: 767px) 89vw, (max-width: 1000px) 54vw, (max-width: 1071px) 543px, 580px\" \/><\/figure><\/li><li class=\"blocks-gallery-item\"><figure><img loading=\"lazy\" width=\"1024\" height=\"768\" src=\"http:\/\/www.donbosco.cz\/wp-content\/uploads\/2024\/02\/31.jpg\" alt=\"\" data-id=\"3868\" data-full-url=\"http:\/\/www.donbosco.cz\/wp-content\/uploads\/2024\/02\/31.jpg\" data-link=\"https:\/\/www.donbosco.cz\/31\/\" class=\"wp-image-3868\" srcset=\"https:\/\/www.donbosco.cz\/wp-content\/uploads\/2024\/02\/31.jpg 1024w, https:\/\/www.donbosco.cz\/wp-content\/uploads\/2024\/02\/31-300x225.jpg 300w, https:\/\/www.donbosco.cz\/wp-content\/uploads\/2024\/02\/31-768x576.jpg 768w\" sizes=\"(max-width: 767px) 89vw, (max-width: 1000px) 54vw, (max-width: 1071px) 543px, 580px\" \/><\/figure><\/li><li class=\"blocks-gallery-item\"><figure><img loading=\"lazy\" width=\"768\" height=\"1024\" src=\"http:\/\/www.donbosco.cz\/wp-content\/uploads\/2024\/02\/21.jpg\" alt=\"\" data-id=\"3867\" data-full-url=\"http:\/\/www.donbosco.cz\/wp-content\/uploads\/2024\/02\/21.jpg\" data-link=\"https:\/\/www.donbosco.cz\/21\/\" class=\"wp-image-3867\" srcset=\"https:\/\/www.donbosco.cz\/wp-content\/uploads\/2024\/02\/21.jpg 768w, https:\/\/www.donbosco.cz\/wp-content\/uploads\/2024\/02\/21-225x300.jpg 225w\" sizes=\"(max-width: 767px) 89vw, (max-width: 1000px) 54vw, (max-width: 1071px) 543px, 580px\" \/><\/figure><\/li><li class=\"blocks-gallery-item\"><figure><img loading=\"lazy\" width=\"1024\" height=\"768\" src=\"http:\/\/www.donbosco.cz\/wp-content\/uploads\/2024\/02\/11.jpg\" alt=\"\" data-id=\"3866\" data-full-url=\"http:\/\/www.donbosco.cz\/wp-content\/uploads\/2024\/02\/11.jpg\" data-link=\"https:\/\/www.donbosco.cz\/11-2\/\" class=\"wp-image-3866\" srcset=\"https:\/\/www.donbosco.cz\/wp-content\/uploads\/2024\/02\/11.jpg 1024w, https:\/\/www.donbosco.cz\/wp-content\/uploads\/2024\/02\/11-300x225.jpg 300w, https:\/\/www.donbosco.cz\/wp-content\/uploads\/2024\/02\/11-768x576.jpg 768w\" sizes=\"(max-width: 767px) 89vw, (max-width: 1000px) 54vw, (max-width: 1071px) 543px, 580px\" \/><\/figure><\/li><\/ul><\/figure>\n","protected":false},"excerpt":{"rendered":"","protected":false},"author":5,"featured_media":0,"parent":0,"menu_order":0,"comment_status":"closed","ping_status":"closed","template":"","meta":[],"_links":{"self":[{"href":"https:\/\/www.donbosco.cz\/index.php\/wp-json\/wp\/v2\/pages\/3874"}],"collection":[{"href":"https:\/\/www.donbosco.cz\/index.php\/wp-json\/wp\/v2\/pages"}],"about":[{"href":"https:\/\/www.donbosco.cz\/index.php\/wp-json\/wp\/v2\/types\/page"}],"author":[{"embeddable":true,"href":"https:\/\/www.donbosco.cz\/index.php\/wp-json\/wp\/v2\/users\/5"}],"replies":[{"embeddable":true,"href":"https:\/\/www.donbosco.cz\/index.php\/wp-json\/wp\/v2\/comments?post=3874"}],"version-history":[{"count":1,"href":"https:\/\/www.donbosco.cz\/index.php\/wp-json\/wp\/v2\/pages\/3874\/revisions"}],"predecessor-version":[{"id":3875,"href":"https:\/\/www.donbosco.cz\/index.php\/wp-json\/wp\/v2\/pages\/3874\/revisions\/3875"}],"wp:attachment":[{"href":"https:\/\/www.donbosco.cz\/index.php\/wp-json\/wp\/v2\/media?parent=3874"}],"curies":[{"name":"wp","href":"https:\/\/api.w.org\/{rel}","templated":true}]}}