{"id":3405,"date":"2023-06-08T16:08:57","date_gmt":"2023-06-08T16:08:57","guid":{"rendered":"https:\/\/www.donbosco.cz\/?page_id=3405"},"modified":"2023-06-08T16:08:57","modified_gmt":"2023-06-08T16:08:57","slug":"skola-v-prirode-belec-nad-orlici-1-stupen-8-6-2023-2","status":"publish","type":"page","link":"https:\/\/www.donbosco.cz\/index.php\/skola-v-prirode-belec-nad-orlici-1-stupen-8-6-2023-2\/","title":{"rendered":"\u0160kola v p\u0159\u00edrod\u011b &#8211; B\u011ble\u010d nad Orlic\u00ed &#8211; 1. stupe\u0148 &#8211; 8. 6. 2023"},"content":{"rendered":"\n<p>Sportovn\u00ed odpoledne<\/p>\n\n\n\n<figure class=\"wp-block-gallery columns-4 is-cropped\"><ul class=\"blocks-gallery-grid\"><li class=\"blocks-gallery-item\"><figure><img loading=\"lazy\" width=\"473\" height=\"1024\" src=\"http:\/\/www.donbosco.cz\/wp-content\/uploads\/2023\/06\/001-3-473x1024.jpeg\" alt=\"\" data-id=\"3389\" data-full-url=\"http:\/\/www.donbosco.cz\/wp-content\/uploads\/2023\/06\/001-3.jpeg\" data-link=\"https:\/\/www.donbosco.cz\/001-9\/\" class=\"wp-image-3389\" srcset=\"https:\/\/www.donbosco.cz\/wp-content\/uploads\/2023\/06\/001-3-473x1024.jpeg 473w, https:\/\/www.donbosco.cz\/wp-content\/uploads\/2023\/06\/001-3-139x300.jpeg 139w, https:\/\/www.donbosco.cz\/wp-content\/uploads\/2023\/06\/001-3-768x1662.jpeg 768w, https:\/\/www.donbosco.cz\/wp-content\/uploads\/2023\/06\/001-3-710x1536.jpeg 710w, https:\/\/www.donbosco.cz\/wp-content\/uploads\/2023\/06\/001-3.jpeg 924w\" sizes=\"(max-width: 473px) 100vw, 473px\" \/><\/figure><\/li><li class=\"blocks-gallery-item\"><figure><img loading=\"lazy\" width=\"473\" height=\"1024\" src=\"http:\/\/www.donbosco.cz\/wp-content\/uploads\/2023\/06\/002-3-473x1024.jpeg\" alt=\"\" data-id=\"3390\" data-full-url=\"http:\/\/www.donbosco.cz\/wp-content\/uploads\/2023\/06\/002-3.jpeg\" data-link=\"https:\/\/www.donbosco.cz\/002-9\/\" class=\"wp-image-3390\" srcset=\"https:\/\/www.donbosco.cz\/wp-content\/uploads\/2023\/06\/002-3-473x1024.jpeg 473w, https:\/\/www.donbosco.cz\/wp-content\/uploads\/2023\/06\/002-3-139x300.jpeg 139w, https:\/\/www.donbosco.cz\/wp-content\/uploads\/2023\/06\/002-3-768x1662.jpeg 768w, https:\/\/www.donbosco.cz\/wp-content\/uploads\/2023\/06\/002-3-710x1536.jpeg 710w, https:\/\/www.donbosco.cz\/wp-content\/uploads\/2023\/06\/002-3.jpeg 924w\" sizes=\"(max-width: 473px) 100vw, 473px\" \/><\/figure><\/li><li class=\"blocks-gallery-item\"><figure><img loading=\"lazy\" width=\"473\" height=\"1024\" src=\"http:\/\/www.donbosco.cz\/wp-content\/uploads\/2023\/06\/003-3-473x1024.jpeg\" alt=\"\" data-id=\"3391\" data-full-url=\"http:\/\/www.donbosco.cz\/wp-content\/uploads\/2023\/06\/003-3.jpeg\" data-link=\"https:\/\/www.donbosco.cz\/003-9\/\" class=\"wp-image-3391\" srcset=\"https:\/\/www.donbosco.cz\/wp-content\/uploads\/2023\/06\/003-3-473x1024.jpeg 473w, https:\/\/www.donbosco.cz\/wp-content\/uploads\/2023\/06\/003-3-139x300.jpeg 139w, https:\/\/www.donbosco.cz\/wp-content\/uploads\/2023\/06\/003-3-768x1662.jpeg 768w, https:\/\/www.donbosco.cz\/wp-content\/uploads\/2023\/06\/003-3-710x1536.jpeg 710w, https:\/\/www.donbosco.cz\/wp-content\/uploads\/2023\/06\/003-3.jpeg 924w\" sizes=\"(max-width: 473px) 100vw, 473px\" \/><\/figure><\/li><li class=\"blocks-gallery-item\"><figure><img loading=\"lazy\" width=\"473\" height=\"1024\" src=\"http:\/\/www.donbosco.cz\/wp-content\/uploads\/2023\/06\/005-3-473x1024.jpeg\" alt=\"\" data-id=\"3393\" data-full-url=\"http:\/\/www.donbosco.cz\/wp-content\/uploads\/2023\/06\/005-3.jpeg\" data-link=\"https:\/\/www.donbosco.cz\/005-8\/\" class=\"wp-image-3393\" srcset=\"https:\/\/www.donbosco.cz\/wp-content\/uploads\/2023\/06\/005-3-473x1024.jpeg 473w, https:\/\/www.donbosco.cz\/wp-content\/uploads\/2023\/06\/005-3-139x300.jpeg 139w, https:\/\/www.donbosco.cz\/wp-content\/uploads\/2023\/06\/005-3-768x1662.jpeg 768w, https:\/\/www.donbosco.cz\/wp-content\/uploads\/2023\/06\/005-3-710x1536.jpeg 710w, https:\/\/www.donbosco.cz\/wp-content\/uploads\/2023\/06\/005-3.jpeg 924w\" sizes=\"(max-width: 473px) 100vw, 473px\" \/><\/figure><\/li><li class=\"blocks-gallery-item\"><figure><img loading=\"lazy\" width=\"473\" height=\"1024\" src=\"http:\/\/www.donbosco.cz\/wp-content\/uploads\/2023\/06\/004-3-473x1024.jpeg\" alt=\"\" data-id=\"3392\" data-full-url=\"http:\/\/www.donbosco.cz\/wp-content\/uploads\/2023\/06\/004-3.jpeg\" data-link=\"https:\/\/www.donbosco.cz\/004-9\/\" class=\"wp-image-3392\" srcset=\"https:\/\/www.donbosco.cz\/wp-content\/uploads\/2023\/06\/004-3-473x1024.jpeg 473w, https:\/\/www.donbosco.cz\/wp-content\/uploads\/2023\/06\/004-3-139x300.jpeg 139w, https:\/\/www.donbosco.cz\/wp-content\/uploads\/2023\/06\/004-3-768x1662.jpeg 768w, https:\/\/www.donbosco.cz\/wp-content\/uploads\/2023\/06\/004-3-710x1536.jpeg 710w, https:\/\/www.donbosco.cz\/wp-content\/uploads\/2023\/06\/004-3.jpeg 924w\" sizes=\"(max-width: 473px) 100vw, 473px\" \/><\/figure><\/li><li class=\"blocks-gallery-item\"><figure><img loading=\"lazy\" width=\"473\" height=\"1024\" src=\"http:\/\/www.donbosco.cz\/wp-content\/uploads\/2023\/06\/006-3-473x1024.jpeg\" alt=\"\" data-id=\"3394\" data-full-url=\"http:\/\/www.donbosco.cz\/wp-content\/uploads\/2023\/06\/006-3.jpeg\" data-link=\"https:\/\/www.donbosco.cz\/006-8\/\" class=\"wp-image-3394\" srcset=\"https:\/\/www.donbosco.cz\/wp-content\/uploads\/2023\/06\/006-3-473x1024.jpeg 473w, https:\/\/www.donbosco.cz\/wp-content\/uploads\/2023\/06\/006-3-139x300.jpeg 139w, https:\/\/www.donbosco.cz\/wp-content\/uploads\/2023\/06\/006-3-768x1662.jpeg 768w, https:\/\/www.donbosco.cz\/wp-content\/uploads\/2023\/06\/006-3-710x1536.jpeg 710w, https:\/\/www.donbosco.cz\/wp-content\/uploads\/2023\/06\/006-3.jpeg 924w\" sizes=\"(max-width: 473px) 100vw, 473px\" \/><\/figure><\/li><li class=\"blocks-gallery-item\"><figure><img loading=\"lazy\" width=\"473\" height=\"1024\" src=\"http:\/\/www.donbosco.cz\/wp-content\/uploads\/2023\/06\/007-3-473x1024.jpeg\" alt=\"\" data-id=\"3395\" data-full-url=\"http:\/\/www.donbosco.cz\/wp-content\/uploads\/2023\/06\/007-3.jpeg\" data-link=\"https:\/\/www.donbosco.cz\/007-8\/\" class=\"wp-image-3395\" srcset=\"https:\/\/www.donbosco.cz\/wp-content\/uploads\/2023\/06\/007-3-473x1024.jpeg 473w, https:\/\/www.donbosco.cz\/wp-content\/uploads\/2023\/06\/007-3-139x300.jpeg 139w, https:\/\/www.donbosco.cz\/wp-content\/uploads\/2023\/06\/007-3-768x1662.jpeg 768w, https:\/\/www.donbosco.cz\/wp-content\/uploads\/2023\/06\/007-3-710x1536.jpeg 710w, https:\/\/www.donbosco.cz\/wp-content\/uploads\/2023\/06\/007-3.jpeg 924w\" sizes=\"(max-width: 473px) 100vw, 473px\" \/><\/figure><\/li><li class=\"blocks-gallery-item\"><figure><img loading=\"lazy\" width=\"473\" height=\"1024\" src=\"http:\/\/www.donbosco.cz\/wp-content\/uploads\/2023\/06\/008-3-473x1024.jpeg\" alt=\"\" data-id=\"3396\" data-full-url=\"http:\/\/www.donbosco.cz\/wp-content\/uploads\/2023\/06\/008-3.jpeg\" data-link=\"https:\/\/www.donbosco.cz\/008-8\/\" class=\"wp-image-3396\" srcset=\"https:\/\/www.donbosco.cz\/wp-content\/uploads\/2023\/06\/008-3-473x1024.jpeg 473w, https:\/\/www.donbosco.cz\/wp-content\/uploads\/2023\/06\/008-3-139x300.jpeg 139w, https:\/\/www.donbosco.cz\/wp-content\/uploads\/2023\/06\/008-3-768x1662.jpeg 768w, https:\/\/www.donbosco.cz\/wp-content\/uploads\/2023\/06\/008-3-710x1536.jpeg 710w, https:\/\/www.donbosco.cz\/wp-content\/uploads\/2023\/06\/008-3.jpeg 924w\" sizes=\"(max-width: 473px) 100vw, 473px\" \/><\/figure><\/li><li class=\"blocks-gallery-item\"><figure><img loading=\"lazy\" width=\"473\" height=\"1024\" src=\"http:\/\/www.donbosco.cz\/wp-content\/uploads\/2023\/06\/009-3-473x1024.jpeg\" alt=\"\" data-id=\"3397\" data-full-url=\"http:\/\/www.donbosco.cz\/wp-content\/uploads\/2023\/06\/009-3.jpeg\" data-link=\"https:\/\/www.donbosco.cz\/009-8\/\" class=\"wp-image-3397\" srcset=\"https:\/\/www.donbosco.cz\/wp-content\/uploads\/2023\/06\/009-3-473x1024.jpeg 473w, https:\/\/www.donbosco.cz\/wp-content\/uploads\/2023\/06\/009-3-139x300.jpeg 139w, https:\/\/www.donbosco.cz\/wp-content\/uploads\/2023\/06\/009-3-768x1662.jpeg 768w, https:\/\/www.donbosco.cz\/wp-content\/uploads\/2023\/06\/009-3-710x1536.jpeg 710w, https:\/\/www.donbosco.cz\/wp-content\/uploads\/2023\/06\/009-3.jpeg 924w\" sizes=\"(max-width: 473px) 100vw, 473px\" \/><\/figure><\/li><li class=\"blocks-gallery-item\"><figure><img loading=\"lazy\" width=\"473\" height=\"1024\" src=\"http:\/\/www.donbosco.cz\/wp-content\/uploads\/2023\/06\/010-3-473x1024.jpeg\" alt=\"\" data-id=\"3398\" data-full-url=\"http:\/\/www.donbosco.cz\/wp-content\/uploads\/2023\/06\/010-3.jpeg\" data-link=\"https:\/\/www.donbosco.cz\/010-8\/\" class=\"wp-image-3398\" srcset=\"https:\/\/www.donbosco.cz\/wp-content\/uploads\/2023\/06\/010-3-473x1024.jpeg 473w, https:\/\/www.donbosco.cz\/wp-content\/uploads\/2023\/06\/010-3-139x300.jpeg 139w, https:\/\/www.donbosco.cz\/wp-content\/uploads\/2023\/06\/010-3-768x1662.jpeg 768w, https:\/\/www.donbosco.cz\/wp-content\/uploads\/2023\/06\/010-3-710x1536.jpeg 710w, https:\/\/www.donbosco.cz\/wp-content\/uploads\/2023\/06\/010-3.jpeg 924w\" sizes=\"(max-width: 473px) 100vw, 473px\" \/><\/figure><\/li><li class=\"blocks-gallery-item\"><figure><img loading=\"lazy\" width=\"473\" height=\"1024\" src=\"http:\/\/www.donbosco.cz\/wp-content\/uploads\/2023\/06\/011-3-473x1024.jpeg\" alt=\"\" data-id=\"3399\" data-full-url=\"http:\/\/www.donbosco.cz\/wp-content\/uploads\/2023\/06\/011-3.jpeg\" data-link=\"https:\/\/www.donbosco.cz\/011-8\/\" class=\"wp-image-3399\" srcset=\"https:\/\/www.donbosco.cz\/wp-content\/uploads\/2023\/06\/011-3-473x1024.jpeg 473w, https:\/\/www.donbosco.cz\/wp-content\/uploads\/2023\/06\/011-3-139x300.jpeg 139w, https:\/\/www.donbosco.cz\/wp-content\/uploads\/2023\/06\/011-3-768x1662.jpeg 768w, https:\/\/www.donbosco.cz\/wp-content\/uploads\/2023\/06\/011-3-710x1536.jpeg 710w, https:\/\/www.donbosco.cz\/wp-content\/uploads\/2023\/06\/011-3.jpeg 924w\" sizes=\"(max-width: 473px) 100vw, 473px\" \/><\/figure><\/li><li class=\"blocks-gallery-item\"><figure><img loading=\"lazy\" width=\"473\" height=\"1024\" src=\"http:\/\/www.donbosco.cz\/wp-content\/uploads\/2023\/06\/012-3-473x1024.jpeg\" alt=\"\" data-id=\"3400\" data-full-url=\"http:\/\/www.donbosco.cz\/wp-content\/uploads\/2023\/06\/012-3.jpeg\" data-link=\"https:\/\/www.donbosco.cz\/012-8\/\" class=\"wp-image-3400\" srcset=\"https:\/\/www.donbosco.cz\/wp-content\/uploads\/2023\/06\/012-3-473x1024.jpeg 473w, https:\/\/www.donbosco.cz\/wp-content\/uploads\/2023\/06\/012-3-139x300.jpeg 139w, https:\/\/www.donbosco.cz\/wp-content\/uploads\/2023\/06\/012-3-768x1662.jpeg 768w, https:\/\/www.donbosco.cz\/wp-content\/uploads\/2023\/06\/012-3-710x1536.jpeg 710w, https:\/\/www.donbosco.cz\/wp-content\/uploads\/2023\/06\/012-3.jpeg 924w\" sizes=\"(max-width: 473px) 100vw, 473px\" \/><\/figure><\/li><li class=\"blocks-gallery-item\"><figure><img loading=\"lazy\" width=\"473\" height=\"1024\" src=\"http:\/\/www.donbosco.cz\/wp-content\/uploads\/2023\/06\/013-3-473x1024.jpeg\" alt=\"\" data-id=\"3401\" data-full-url=\"http:\/\/www.donbosco.cz\/wp-content\/uploads\/2023\/06\/013-3.jpeg\" data-link=\"https:\/\/www.donbosco.cz\/013-8\/\" class=\"wp-image-3401\" srcset=\"https:\/\/www.donbosco.cz\/wp-content\/uploads\/2023\/06\/013-3-473x1024.jpeg 473w, https:\/\/www.donbosco.cz\/wp-content\/uploads\/2023\/06\/013-3-139x300.jpeg 139w, https:\/\/www.donbosco.cz\/wp-content\/uploads\/2023\/06\/013-3-768x1662.jpeg 768w, https:\/\/www.donbosco.cz\/wp-content\/uploads\/2023\/06\/013-3-710x1536.jpeg 710w, https:\/\/www.donbosco.cz\/wp-content\/uploads\/2023\/06\/013-3.jpeg 924w\" sizes=\"(max-width: 473px) 100vw, 473px\" \/><\/figure><\/li><li class=\"blocks-gallery-item\"><figure><img loading=\"lazy\" width=\"473\" height=\"1024\" src=\"http:\/\/www.donbosco.cz\/wp-content\/uploads\/2023\/06\/014-3-473x1024.jpeg\" alt=\"\" data-id=\"3402\" data-full-url=\"http:\/\/www.donbosco.cz\/wp-content\/uploads\/2023\/06\/014-3.jpeg\" data-link=\"https:\/\/www.donbosco.cz\/014-8\/\" class=\"wp-image-3402\" srcset=\"https:\/\/www.donbosco.cz\/wp-content\/uploads\/2023\/06\/014-3-473x1024.jpeg 473w, https:\/\/www.donbosco.cz\/wp-content\/uploads\/2023\/06\/014-3-139x300.jpeg 139w, https:\/\/www.donbosco.cz\/wp-content\/uploads\/2023\/06\/014-3-768x1662.jpeg 768w, https:\/\/www.donbosco.cz\/wp-content\/uploads\/2023\/06\/014-3-710x1536.jpeg 710w, https:\/\/www.donbosco.cz\/wp-content\/uploads\/2023\/06\/014-3.jpeg 924w\" sizes=\"(max-width: 473px) 100vw, 473px\" \/><\/figure><\/li><li class=\"blocks-gallery-item\"><figure><img loading=\"lazy\" width=\"473\" height=\"1024\" src=\"http:\/\/www.donbosco.cz\/wp-content\/uploads\/2023\/06\/016-3-473x1024.jpeg\" alt=\"\" data-id=\"3404\" data-full-url=\"http:\/\/www.donbosco.cz\/wp-content\/uploads\/2023\/06\/016-3.jpeg\" data-link=\"https:\/\/www.donbosco.cz\/016-8\/\" class=\"wp-image-3404\" srcset=\"https:\/\/www.donbosco.cz\/wp-content\/uploads\/2023\/06\/016-3-473x1024.jpeg 473w, https:\/\/www.donbosco.cz\/wp-content\/uploads\/2023\/06\/016-3-139x300.jpeg 139w, https:\/\/www.donbosco.cz\/wp-content\/uploads\/2023\/06\/016-3-768x1662.jpeg 768w, https:\/\/www.donbosco.cz\/wp-content\/uploads\/2023\/06\/016-3-710x1536.jpeg 710w, https:\/\/www.donbosco.cz\/wp-content\/uploads\/2023\/06\/016-3.jpeg 924w\" sizes=\"(max-width: 473px) 100vw, 473px\" \/><\/figure><\/li><li class=\"blocks-gallery-item\"><figure><img loading=\"lazy\" width=\"473\" height=\"1024\" src=\"http:\/\/www.donbosco.cz\/wp-content\/uploads\/2023\/06\/015-3-473x1024.jpeg\" alt=\"\" data-id=\"3403\" data-full-url=\"http:\/\/www.donbosco.cz\/wp-content\/uploads\/2023\/06\/015-3.jpeg\" data-link=\"https:\/\/www.donbosco.cz\/015-8\/\" class=\"wp-image-3403\" srcset=\"https:\/\/www.donbosco.cz\/wp-content\/uploads\/2023\/06\/015-3-473x1024.jpeg 473w, https:\/\/www.donbosco.cz\/wp-content\/uploads\/2023\/06\/015-3-139x300.jpeg 139w, https:\/\/www.donbosco.cz\/wp-content\/uploads\/2023\/06\/015-3-768x1662.jpeg 768w, https:\/\/www.donbosco.cz\/wp-content\/uploads\/2023\/06\/015-3-710x1536.jpeg 710w, https:\/\/www.donbosco.cz\/wp-content\/uploads\/2023\/06\/015-3.jpeg 924w\" sizes=\"(max-width: 473px) 100vw, 473px\" \/><\/figure><\/li><\/ul><\/figure>\n","protected":false},"excerpt":{"rendered":"<p>Sportovn\u00ed odpoledne<\/p>\n","protected":false},"author":5,"featured_media":0,"parent":0,"menu_order":0,"comment_status":"closed","ping_status":"closed","template":"","meta":[],"_links":{"self":[{"href":"https:\/\/www.donbosco.cz\/index.php\/wp-json\/wp\/v2\/pages\/3405"}],"collection":[{"href":"https:\/\/www.donbosco.cz\/index.php\/wp-json\/wp\/v2\/pages"}],"about":[{"href":"https:\/\/www.donbosco.cz\/index.php\/wp-json\/wp\/v2\/types\/page"}],"author":[{"embeddable":true,"href":"https:\/\/www.donbosco.cz\/index.php\/wp-json\/wp\/v2\/users\/5"}],"replies":[{"embeddable":true,"href":"https:\/\/www.donbosco.cz\/index.php\/wp-json\/wp\/v2\/comments?post=3405"}],"version-history":[{"count":1,"href":"https:\/\/www.donbosco.cz\/index.php\/wp-json\/wp\/v2\/pages\/3405\/revisions"}],"predecessor-version":[{"id":3406,"href":"https:\/\/www.donbosco.cz\/index.php\/wp-json\/wp\/v2\/pages\/3405\/revisions\/3406"}],"wp:attachment":[{"href":"https:\/\/www.donbosco.cz\/index.php\/wp-json\/wp\/v2\/media?parent=3405"}],"curies":[{"name":"wp","href":"https:\/\/api.w.org\/{rel}","templated":true}]}}