{"id":3340,"date":"2023-06-07T15:52:06","date_gmt":"2023-06-07T15:52:06","guid":{"rendered":"https:\/\/www.donbosco.cz\/?page_id=3340"},"modified":"2023-06-07T15:52:06","modified_gmt":"2023-06-07T15:52:06","slug":"skola-v-prirode-belec-nad-orlici-1-stupen-6-6-2023","status":"publish","type":"page","link":"https:\/\/www.donbosco.cz\/index.php\/skola-v-prirode-belec-nad-orlici-1-stupen-6-6-2023\/","title":{"rendered":"\u0160kola v p\u0159\u00edrod\u011b &#8211; B\u011ble\u010d nad Orlic\u00ed &#8211; 1. stupe\u0148 &#8211; 6. 6. 2023"},"content":{"rendered":"\n<p>Podorlick\u00fd skanzen Kr\u0148ovice<\/p>\n\n\n\n<figure class=\"wp-block-gallery columns-4 is-cropped\"><ul class=\"blocks-gallery-grid\"><li class=\"blocks-gallery-item\"><figure><img loading=\"lazy\" width=\"1024\" height=\"473\" src=\"http:\/\/www.donbosco.cz\/wp-content\/uploads\/2023\/06\/001-1024x473.jpeg\" alt=\"\" data-id=\"3322\" data-full-url=\"http:\/\/www.donbosco.cz\/wp-content\/uploads\/2023\/06\/001.jpeg\" data-link=\"https:\/\/www.donbosco.cz\/001-6\/\" class=\"wp-image-3322\" srcset=\"https:\/\/www.donbosco.cz\/wp-content\/uploads\/2023\/06\/001-1024x473.jpeg 1024w, https:\/\/www.donbosco.cz\/wp-content\/uploads\/2023\/06\/001-300x139.jpeg 300w, https:\/\/www.donbosco.cz\/wp-content\/uploads\/2023\/06\/001-768x355.jpeg 768w, https:\/\/www.donbosco.cz\/wp-content\/uploads\/2023\/06\/001-1536x710.jpeg 1536w, https:\/\/www.donbosco.cz\/wp-content\/uploads\/2023\/06\/001.jpeg 2000w\" sizes=\"(max-width: 767px) 89vw, (max-width: 1000px) 54vw, (max-width: 1071px) 543px, 580px\" \/><\/figure><\/li><li class=\"blocks-gallery-item\"><figure><img loading=\"lazy\" width=\"1024\" height=\"473\" src=\"http:\/\/www.donbosco.cz\/wp-content\/uploads\/2023\/06\/002-1024x473.jpeg\" alt=\"\" data-id=\"3323\" data-full-url=\"http:\/\/www.donbosco.cz\/wp-content\/uploads\/2023\/06\/002.jpeg\" data-link=\"https:\/\/www.donbosco.cz\/002-6\/\" class=\"wp-image-3323\" srcset=\"https:\/\/www.donbosco.cz\/wp-content\/uploads\/2023\/06\/002-1024x473.jpeg 1024w, https:\/\/www.donbosco.cz\/wp-content\/uploads\/2023\/06\/002-300x139.jpeg 300w, https:\/\/www.donbosco.cz\/wp-content\/uploads\/2023\/06\/002-768x355.jpeg 768w, https:\/\/www.donbosco.cz\/wp-content\/uploads\/2023\/06\/002-1536x710.jpeg 1536w, https:\/\/www.donbosco.cz\/wp-content\/uploads\/2023\/06\/002.jpeg 2000w\" sizes=\"(max-width: 767px) 89vw, (max-width: 1000px) 54vw, (max-width: 1071px) 543px, 580px\" \/><\/figure><\/li><li class=\"blocks-gallery-item\"><figure><img loading=\"lazy\" width=\"473\" height=\"1024\" src=\"http:\/\/www.donbosco.cz\/wp-content\/uploads\/2023\/06\/003-473x1024.jpeg\" alt=\"\" data-id=\"3324\" data-full-url=\"http:\/\/www.donbosco.cz\/wp-content\/uploads\/2023\/06\/003.jpeg\" data-link=\"https:\/\/www.donbosco.cz\/003-6\/\" class=\"wp-image-3324\" srcset=\"https:\/\/www.donbosco.cz\/wp-content\/uploads\/2023\/06\/003-473x1024.jpeg 473w, https:\/\/www.donbosco.cz\/wp-content\/uploads\/2023\/06\/003-139x300.jpeg 139w, https:\/\/www.donbosco.cz\/wp-content\/uploads\/2023\/06\/003-768x1662.jpeg 768w, https:\/\/www.donbosco.cz\/wp-content\/uploads\/2023\/06\/003-710x1536.jpeg 710w, https:\/\/www.donbosco.cz\/wp-content\/uploads\/2023\/06\/003.jpeg 924w\" sizes=\"(max-width: 473px) 100vw, 473px\" \/><\/figure><\/li><li class=\"blocks-gallery-item\"><figure><img loading=\"lazy\" width=\"473\" height=\"1024\" src=\"http:\/\/www.donbosco.cz\/wp-content\/uploads\/2023\/06\/004-473x1024.jpeg\" alt=\"\" data-id=\"3325\" data-full-url=\"http:\/\/www.donbosco.cz\/wp-content\/uploads\/2023\/06\/004.jpeg\" data-link=\"https:\/\/www.donbosco.cz\/004-6\/\" class=\"wp-image-3325\" srcset=\"https:\/\/www.donbosco.cz\/wp-content\/uploads\/2023\/06\/004-473x1024.jpeg 473w, https:\/\/www.donbosco.cz\/wp-content\/uploads\/2023\/06\/004-139x300.jpeg 139w, https:\/\/www.donbosco.cz\/wp-content\/uploads\/2023\/06\/004-768x1662.jpeg 768w, https:\/\/www.donbosco.cz\/wp-content\/uploads\/2023\/06\/004-710x1536.jpeg 710w, https:\/\/www.donbosco.cz\/wp-content\/uploads\/2023\/06\/004.jpeg 924w\" sizes=\"(max-width: 473px) 100vw, 473px\" \/><\/figure><\/li><li class=\"blocks-gallery-item\"><figure><img loading=\"lazy\" width=\"1024\" height=\"473\" src=\"http:\/\/www.donbosco.cz\/wp-content\/uploads\/2023\/06\/005-1024x473.jpeg\" alt=\"\" data-id=\"3326\" data-full-url=\"http:\/\/www.donbosco.cz\/wp-content\/uploads\/2023\/06\/005.jpeg\" data-link=\"https:\/\/www.donbosco.cz\/005-5\/\" class=\"wp-image-3326\" srcset=\"https:\/\/www.donbosco.cz\/wp-content\/uploads\/2023\/06\/005-1024x473.jpeg 1024w, https:\/\/www.donbosco.cz\/wp-content\/uploads\/2023\/06\/005-300x139.jpeg 300w, https:\/\/www.donbosco.cz\/wp-content\/uploads\/2023\/06\/005-768x355.jpeg 768w, https:\/\/www.donbosco.cz\/wp-content\/uploads\/2023\/06\/005-1536x710.jpeg 1536w, https:\/\/www.donbosco.cz\/wp-content\/uploads\/2023\/06\/005.jpeg 2000w\" sizes=\"(max-width: 767px) 89vw, (max-width: 1000px) 54vw, (max-width: 1071px) 543px, 580px\" \/><\/figure><\/li><li class=\"blocks-gallery-item\"><figure><img loading=\"lazy\" width=\"473\" height=\"1024\" src=\"http:\/\/www.donbosco.cz\/wp-content\/uploads\/2023\/06\/006-473x1024.jpeg\" alt=\"\" data-id=\"3327\" data-full-url=\"http:\/\/www.donbosco.cz\/wp-content\/uploads\/2023\/06\/006.jpeg\" data-link=\"https:\/\/www.donbosco.cz\/006-5\/\" class=\"wp-image-3327\" srcset=\"https:\/\/www.donbosco.cz\/wp-content\/uploads\/2023\/06\/006-473x1024.jpeg 473w, https:\/\/www.donbosco.cz\/wp-content\/uploads\/2023\/06\/006-139x300.jpeg 139w, https:\/\/www.donbosco.cz\/wp-content\/uploads\/2023\/06\/006-768x1662.jpeg 768w, https:\/\/www.donbosco.cz\/wp-content\/uploads\/2023\/06\/006-710x1536.jpeg 710w, https:\/\/www.donbosco.cz\/wp-content\/uploads\/2023\/06\/006.jpeg 924w\" sizes=\"(max-width: 473px) 100vw, 473px\" \/><\/figure><\/li><li class=\"blocks-gallery-item\"><figure><img loading=\"lazy\" width=\"1024\" height=\"473\" src=\"http:\/\/www.donbosco.cz\/wp-content\/uploads\/2023\/06\/007-1024x473.jpeg\" alt=\"\" data-id=\"3328\" data-full-url=\"http:\/\/www.donbosco.cz\/wp-content\/uploads\/2023\/06\/007.jpeg\" data-link=\"https:\/\/www.donbosco.cz\/007-5\/\" class=\"wp-image-3328\" srcset=\"https:\/\/www.donbosco.cz\/wp-content\/uploads\/2023\/06\/007-1024x473.jpeg 1024w, https:\/\/www.donbosco.cz\/wp-content\/uploads\/2023\/06\/007-300x139.jpeg 300w, https:\/\/www.donbosco.cz\/wp-content\/uploads\/2023\/06\/007-768x355.jpeg 768w, https:\/\/www.donbosco.cz\/wp-content\/uploads\/2023\/06\/007-1536x710.jpeg 1536w, https:\/\/www.donbosco.cz\/wp-content\/uploads\/2023\/06\/007.jpeg 2000w\" sizes=\"(max-width: 767px) 89vw, (max-width: 1000px) 54vw, (max-width: 1071px) 543px, 580px\" \/><\/figure><\/li><li class=\"blocks-gallery-item\"><figure><img loading=\"lazy\" width=\"473\" height=\"1024\" src=\"http:\/\/www.donbosco.cz\/wp-content\/uploads\/2023\/06\/008-473x1024.jpeg\" alt=\"\" data-id=\"3329\" data-full-url=\"http:\/\/www.donbosco.cz\/wp-content\/uploads\/2023\/06\/008.jpeg\" data-link=\"https:\/\/www.donbosco.cz\/008-5\/\" class=\"wp-image-3329\" srcset=\"https:\/\/www.donbosco.cz\/wp-content\/uploads\/2023\/06\/008-473x1024.jpeg 473w, https:\/\/www.donbosco.cz\/wp-content\/uploads\/2023\/06\/008-139x300.jpeg 139w, https:\/\/www.donbosco.cz\/wp-content\/uploads\/2023\/06\/008-768x1662.jpeg 768w, https:\/\/www.donbosco.cz\/wp-content\/uploads\/2023\/06\/008-710x1536.jpeg 710w, https:\/\/www.donbosco.cz\/wp-content\/uploads\/2023\/06\/008.jpeg 924w\" sizes=\"(max-width: 473px) 100vw, 473px\" \/><\/figure><\/li><li class=\"blocks-gallery-item\"><figure><img loading=\"lazy\" width=\"473\" height=\"1024\" src=\"http:\/\/www.donbosco.cz\/wp-content\/uploads\/2023\/06\/009-473x1024.jpeg\" alt=\"\" data-id=\"3330\" data-full-url=\"http:\/\/www.donbosco.cz\/wp-content\/uploads\/2023\/06\/009.jpeg\" data-link=\"https:\/\/www.donbosco.cz\/009-5\/\" class=\"wp-image-3330\" srcset=\"https:\/\/www.donbosco.cz\/wp-content\/uploads\/2023\/06\/009-473x1024.jpeg 473w, https:\/\/www.donbosco.cz\/wp-content\/uploads\/2023\/06\/009-139x300.jpeg 139w, https:\/\/www.donbosco.cz\/wp-content\/uploads\/2023\/06\/009-768x1662.jpeg 768w, https:\/\/www.donbosco.cz\/wp-content\/uploads\/2023\/06\/009-710x1536.jpeg 710w, https:\/\/www.donbosco.cz\/wp-content\/uploads\/2023\/06\/009.jpeg 924w\" sizes=\"(max-width: 473px) 100vw, 473px\" \/><\/figure><\/li><li class=\"blocks-gallery-item\"><figure><img loading=\"lazy\" width=\"473\" height=\"1024\" src=\"http:\/\/www.donbosco.cz\/wp-content\/uploads\/2023\/06\/010-473x1024.jpeg\" alt=\"\" data-id=\"3331\" data-full-url=\"http:\/\/www.donbosco.cz\/wp-content\/uploads\/2023\/06\/010.jpeg\" data-link=\"https:\/\/www.donbosco.cz\/010-5\/\" class=\"wp-image-3331\" srcset=\"https:\/\/www.donbosco.cz\/wp-content\/uploads\/2023\/06\/010-473x1024.jpeg 473w, https:\/\/www.donbosco.cz\/wp-content\/uploads\/2023\/06\/010-139x300.jpeg 139w, https:\/\/www.donbosco.cz\/wp-content\/uploads\/2023\/06\/010-768x1662.jpeg 768w, https:\/\/www.donbosco.cz\/wp-content\/uploads\/2023\/06\/010-710x1536.jpeg 710w, https:\/\/www.donbosco.cz\/wp-content\/uploads\/2023\/06\/010.jpeg 924w\" sizes=\"(max-width: 473px) 100vw, 473px\" \/><\/figure><\/li><li class=\"blocks-gallery-item\"><figure><img loading=\"lazy\" width=\"473\" height=\"1024\" src=\"http:\/\/www.donbosco.cz\/wp-content\/uploads\/2023\/06\/011-473x1024.jpeg\" alt=\"\" data-id=\"3332\" data-full-url=\"http:\/\/www.donbosco.cz\/wp-content\/uploads\/2023\/06\/011.jpeg\" data-link=\"https:\/\/www.donbosco.cz\/011-5\/\" class=\"wp-image-3332\" srcset=\"https:\/\/www.donbosco.cz\/wp-content\/uploads\/2023\/06\/011-473x1024.jpeg 473w, https:\/\/www.donbosco.cz\/wp-content\/uploads\/2023\/06\/011-139x300.jpeg 139w, https:\/\/www.donbosco.cz\/wp-content\/uploads\/2023\/06\/011-768x1662.jpeg 768w, https:\/\/www.donbosco.cz\/wp-content\/uploads\/2023\/06\/011-710x1536.jpeg 710w, https:\/\/www.donbosco.cz\/wp-content\/uploads\/2023\/06\/011.jpeg 924w\" sizes=\"(max-width: 473px) 100vw, 473px\" \/><\/figure><\/li><li class=\"blocks-gallery-item\"><figure><img loading=\"lazy\" width=\"473\" height=\"1024\" src=\"http:\/\/www.donbosco.cz\/wp-content\/uploads\/2023\/06\/013-473x1024.jpeg\" alt=\"\" data-id=\"3334\" data-full-url=\"http:\/\/www.donbosco.cz\/wp-content\/uploads\/2023\/06\/013.jpeg\" data-link=\"https:\/\/www.donbosco.cz\/013-5\/\" class=\"wp-image-3334\" srcset=\"https:\/\/www.donbosco.cz\/wp-content\/uploads\/2023\/06\/013-473x1024.jpeg 473w, https:\/\/www.donbosco.cz\/wp-content\/uploads\/2023\/06\/013-139x300.jpeg 139w, https:\/\/www.donbosco.cz\/wp-content\/uploads\/2023\/06\/013-768x1662.jpeg 768w, https:\/\/www.donbosco.cz\/wp-content\/uploads\/2023\/06\/013-710x1536.jpeg 710w, https:\/\/www.donbosco.cz\/wp-content\/uploads\/2023\/06\/013.jpeg 924w\" sizes=\"(max-width: 473px) 100vw, 473px\" \/><\/figure><\/li><li class=\"blocks-gallery-item\"><figure><img loading=\"lazy\" width=\"1024\" height=\"473\" src=\"http:\/\/www.donbosco.cz\/wp-content\/uploads\/2023\/06\/012-1024x473.jpeg\" alt=\"\" data-id=\"3333\" data-full-url=\"http:\/\/www.donbosco.cz\/wp-content\/uploads\/2023\/06\/012.jpeg\" data-link=\"https:\/\/www.donbosco.cz\/012-5\/\" class=\"wp-image-3333\" srcset=\"https:\/\/www.donbosco.cz\/wp-content\/uploads\/2023\/06\/012-1024x473.jpeg 1024w, https:\/\/www.donbosco.cz\/wp-content\/uploads\/2023\/06\/012-300x139.jpeg 300w, https:\/\/www.donbosco.cz\/wp-content\/uploads\/2023\/06\/012-768x355.jpeg 768w, https:\/\/www.donbosco.cz\/wp-content\/uploads\/2023\/06\/012-1536x710.jpeg 1536w, https:\/\/www.donbosco.cz\/wp-content\/uploads\/2023\/06\/012.jpeg 2000w\" sizes=\"(max-width: 767px) 89vw, (max-width: 1000px) 54vw, (max-width: 1071px) 543px, 580px\" \/><\/figure><\/li><li class=\"blocks-gallery-item\"><figure><img loading=\"lazy\" width=\"1024\" height=\"473\" src=\"http:\/\/www.donbosco.cz\/wp-content\/uploads\/2023\/06\/014-1024x473.jpeg\" alt=\"\" data-id=\"3335\" data-full-url=\"http:\/\/www.donbosco.cz\/wp-content\/uploads\/2023\/06\/014.jpeg\" data-link=\"https:\/\/www.donbosco.cz\/014-5\/\" class=\"wp-image-3335\" srcset=\"https:\/\/www.donbosco.cz\/wp-content\/uploads\/2023\/06\/014-1024x473.jpeg 1024w, https:\/\/www.donbosco.cz\/wp-content\/uploads\/2023\/06\/014-300x139.jpeg 300w, https:\/\/www.donbosco.cz\/wp-content\/uploads\/2023\/06\/014-768x355.jpeg 768w, https:\/\/www.donbosco.cz\/wp-content\/uploads\/2023\/06\/014-1536x710.jpeg 1536w, https:\/\/www.donbosco.cz\/wp-content\/uploads\/2023\/06\/014.jpeg 2000w\" sizes=\"(max-width: 767px) 89vw, (max-width: 1000px) 54vw, (max-width: 1071px) 543px, 580px\" \/><\/figure><\/li><li class=\"blocks-gallery-item\"><figure><img loading=\"lazy\" width=\"1024\" height=\"473\" src=\"http:\/\/www.donbosco.cz\/wp-content\/uploads\/2023\/06\/015-1024x473.jpeg\" alt=\"\" data-id=\"3336\" data-full-url=\"http:\/\/www.donbosco.cz\/wp-content\/uploads\/2023\/06\/015.jpeg\" data-link=\"https:\/\/www.donbosco.cz\/015-5\/\" class=\"wp-image-3336\" srcset=\"https:\/\/www.donbosco.cz\/wp-content\/uploads\/2023\/06\/015-1024x473.jpeg 1024w, https:\/\/www.donbosco.cz\/wp-content\/uploads\/2023\/06\/015-300x139.jpeg 300w, https:\/\/www.donbosco.cz\/wp-content\/uploads\/2023\/06\/015-768x355.jpeg 768w, https:\/\/www.donbosco.cz\/wp-content\/uploads\/2023\/06\/015-1536x710.jpeg 1536w, https:\/\/www.donbosco.cz\/wp-content\/uploads\/2023\/06\/015.jpeg 2000w\" sizes=\"(max-width: 767px) 89vw, (max-width: 1000px) 54vw, (max-width: 1071px) 543px, 580px\" \/><\/figure><\/li><li class=\"blocks-gallery-item\"><figure><img loading=\"lazy\" width=\"473\" height=\"1024\" src=\"http:\/\/www.donbosco.cz\/wp-content\/uploads\/2023\/06\/016-473x1024.jpeg\" alt=\"\" data-id=\"3337\" data-full-url=\"http:\/\/www.donbosco.cz\/wp-content\/uploads\/2023\/06\/016.jpeg\" data-link=\"https:\/\/www.donbosco.cz\/016-5\/\" class=\"wp-image-3337\" srcset=\"https:\/\/www.donbosco.cz\/wp-content\/uploads\/2023\/06\/016-473x1024.jpeg 473w, https:\/\/www.donbosco.cz\/wp-content\/uploads\/2023\/06\/016-139x300.jpeg 139w, https:\/\/www.donbosco.cz\/wp-content\/uploads\/2023\/06\/016-768x1662.jpeg 768w, https:\/\/www.donbosco.cz\/wp-content\/uploads\/2023\/06\/016-710x1536.jpeg 710w, https:\/\/www.donbosco.cz\/wp-content\/uploads\/2023\/06\/016.jpeg 924w\" sizes=\"(max-width: 473px) 100vw, 473px\" \/><\/figure><\/li><li class=\"blocks-gallery-item\"><figure><img loading=\"lazy\" width=\"473\" height=\"1024\" src=\"http:\/\/www.donbosco.cz\/wp-content\/uploads\/2023\/06\/017-473x1024.jpeg\" alt=\"\" data-id=\"3338\" data-full-url=\"http:\/\/www.donbosco.cz\/wp-content\/uploads\/2023\/06\/017.jpeg\" data-link=\"https:\/\/www.donbosco.cz\/017-5\/\" class=\"wp-image-3338\" srcset=\"https:\/\/www.donbosco.cz\/wp-content\/uploads\/2023\/06\/017-473x1024.jpeg 473w, https:\/\/www.donbosco.cz\/wp-content\/uploads\/2023\/06\/017-139x300.jpeg 139w, https:\/\/www.donbosco.cz\/wp-content\/uploads\/2023\/06\/017-768x1662.jpeg 768w, https:\/\/www.donbosco.cz\/wp-content\/uploads\/2023\/06\/017-710x1536.jpeg 710w, https:\/\/www.donbosco.cz\/wp-content\/uploads\/2023\/06\/017.jpeg 924w\" sizes=\"(max-width: 473px) 100vw, 473px\" \/><\/figure><\/li><li class=\"blocks-gallery-item\"><figure><img loading=\"lazy\" width=\"473\" height=\"1024\" src=\"http:\/\/www.donbosco.cz\/wp-content\/uploads\/2023\/06\/018-473x1024.jpeg\" alt=\"\" data-id=\"3339\" data-full-url=\"http:\/\/www.donbosco.cz\/wp-content\/uploads\/2023\/06\/018.jpeg\" data-link=\"https:\/\/www.donbosco.cz\/018-5\/\" class=\"wp-image-3339\" srcset=\"https:\/\/www.donbosco.cz\/wp-content\/uploads\/2023\/06\/018-473x1024.jpeg 473w, https:\/\/www.donbosco.cz\/wp-content\/uploads\/2023\/06\/018-139x300.jpeg 139w, https:\/\/www.donbosco.cz\/wp-content\/uploads\/2023\/06\/018-768x1662.jpeg 768w, https:\/\/www.donbosco.cz\/wp-content\/uploads\/2023\/06\/018-710x1536.jpeg 710w, https:\/\/www.donbosco.cz\/wp-content\/uploads\/2023\/06\/018.jpeg 924w\" sizes=\"(max-width: 473px) 100vw, 473px\" \/><\/figure><\/li><\/ul><\/figure>\n","protected":false},"excerpt":{"rendered":"<p>Podorlick\u00fd skanzen Kr\u0148ovice<\/p>\n","protected":false},"author":5,"featured_media":0,"parent":0,"menu_order":0,"comment_status":"closed","ping_status":"closed","template":"","meta":[],"_links":{"self":[{"href":"https:\/\/www.donbosco.cz\/index.php\/wp-json\/wp\/v2\/pages\/3340"}],"collection":[{"href":"https:\/\/www.donbosco.cz\/index.php\/wp-json\/wp\/v2\/pages"}],"about":[{"href":"https:\/\/www.donbosco.cz\/index.php\/wp-json\/wp\/v2\/types\/page"}],"author":[{"embeddable":true,"href":"https:\/\/www.donbosco.cz\/index.php\/wp-json\/wp\/v2\/users\/5"}],"replies":[{"embeddable":true,"href":"https:\/\/www.donbosco.cz\/index.php\/wp-json\/wp\/v2\/comments?post=3340"}],"version-history":[{"count":1,"href":"https:\/\/www.donbosco.cz\/index.php\/wp-json\/wp\/v2\/pages\/3340\/revisions"}],"predecessor-version":[{"id":3341,"href":"https:\/\/www.donbosco.cz\/index.php\/wp-json\/wp\/v2\/pages\/3340\/revisions\/3341"}],"wp:attachment":[{"href":"https:\/\/www.donbosco.cz\/index.php\/wp-json\/wp\/v2\/media?parent=3340"}],"curies":[{"name":"wp","href":"https:\/\/api.w.org\/{rel}","templated":true}]}}