{"id":3287,"date":"2023-06-01T16:10:12","date_gmt":"2023-06-01T16:10:12","guid":{"rendered":"https:\/\/www.donbosco.cz\/?page_id=3287"},"modified":"2023-06-01T16:10:12","modified_gmt":"2023-06-01T16:10:12","slug":"kurz-eticke-vychovy-8-a-9-trida-v-orlickych-horach-australie-ctvrtek-1-6-2023","status":"publish","type":"page","link":"https:\/\/www.donbosco.cz\/index.php\/kurz-eticke-vychovy-8-a-9-trida-v-orlickych-horach-australie-ctvrtek-1-6-2023\/","title":{"rendered":"Kurz etick\u00e9 v\u00fdchovy 8. a 9. t\u0159\u00edda v Orlick\u00fdch hor\u00e1ch &#8211; Austr\u00e1lie &#8211; \u010dtvrtek 1. 6. 2023"},"content":{"rendered":"\n<figure class=\"wp-block-gallery columns-3 is-cropped\"><ul class=\"blocks-gallery-grid\"><li class=\"blocks-gallery-item\"><figure><img loading=\"lazy\" width=\"640\" height=\"481\" src=\"http:\/\/www.donbosco.cz\/wp-content\/uploads\/2023\/06\/thumbnail_image0-1.jpg\" alt=\"\" data-id=\"3282\" data-full-url=\"http:\/\/www.donbosco.cz\/wp-content\/uploads\/2023\/06\/thumbnail_image0-1.jpg\" data-link=\"https:\/\/www.donbosco.cz\/thumbnail_image0-4\/\" class=\"wp-image-3282\" srcset=\"https:\/\/www.donbosco.cz\/wp-content\/uploads\/2023\/06\/thumbnail_image0-1.jpg 640w, https:\/\/www.donbosco.cz\/wp-content\/uploads\/2023\/06\/thumbnail_image0-1-300x225.jpg 300w\" sizes=\"(max-width: 640px) 100vw, 640px\" \/><\/figure><\/li><li class=\"blocks-gallery-item\"><figure><img loading=\"lazy\" width=\"640\" height=\"481\" src=\"http:\/\/www.donbosco.cz\/wp-content\/uploads\/2023\/06\/thumbnail_image1-1.jpg\" alt=\"\" data-id=\"3283\" data-full-url=\"http:\/\/www.donbosco.cz\/wp-content\/uploads\/2023\/06\/thumbnail_image1-1.jpg\" data-link=\"https:\/\/www.donbosco.cz\/thumbnail_image1-4\/\" class=\"wp-image-3283\" srcset=\"https:\/\/www.donbosco.cz\/wp-content\/uploads\/2023\/06\/thumbnail_image1-1.jpg 640w, https:\/\/www.donbosco.cz\/wp-content\/uploads\/2023\/06\/thumbnail_image1-1-300x225.jpg 300w\" sizes=\"(max-width: 640px) 100vw, 640px\" \/><\/figure><\/li><li class=\"blocks-gallery-item\"><figure><img loading=\"lazy\" width=\"640\" height=\"481\" src=\"http:\/\/www.donbosco.cz\/wp-content\/uploads\/2023\/06\/thumbnail_image2-1.jpg\" alt=\"\" data-id=\"3284\" data-full-url=\"http:\/\/www.donbosco.cz\/wp-content\/uploads\/2023\/06\/thumbnail_image2-1.jpg\" data-link=\"https:\/\/www.donbosco.cz\/thumbnail_image2-3\/\" class=\"wp-image-3284\" srcset=\"https:\/\/www.donbosco.cz\/wp-content\/uploads\/2023\/06\/thumbnail_image2-1.jpg 640w, https:\/\/www.donbosco.cz\/wp-content\/uploads\/2023\/06\/thumbnail_image2-1-300x225.jpg 300w\" sizes=\"(max-width: 640px) 100vw, 640px\" \/><\/figure><\/li><li class=\"blocks-gallery-item\"><figure><img loading=\"lazy\" width=\"640\" height=\"481\" src=\"http:\/\/www.donbosco.cz\/wp-content\/uploads\/2023\/06\/thumbnail_image3-1.jpg\" alt=\"\" data-id=\"3285\" data-full-url=\"http:\/\/www.donbosco.cz\/wp-content\/uploads\/2023\/06\/thumbnail_image3-1.jpg\" data-link=\"https:\/\/www.donbosco.cz\/thumbnail_image3-4\/\" class=\"wp-image-3285\" srcset=\"https:\/\/www.donbosco.cz\/wp-content\/uploads\/2023\/06\/thumbnail_image3-1.jpg 640w, https:\/\/www.donbosco.cz\/wp-content\/uploads\/2023\/06\/thumbnail_image3-1-300x225.jpg 300w\" sizes=\"(max-width: 640px) 100vw, 640px\" \/><\/figure><\/li><li class=\"blocks-gallery-item\"><figure><img loading=\"lazy\" width=\"640\" height=\"481\" src=\"http:\/\/www.donbosco.cz\/wp-content\/uploads\/2023\/06\/thumbnail_image4.jpg\" alt=\"\" data-id=\"3286\" data-full-url=\"http:\/\/www.donbosco.cz\/wp-content\/uploads\/2023\/06\/thumbnail_image4.jpg\" data-link=\"https:\/\/www.donbosco.cz\/thumbnail_image4\/\" class=\"wp-image-3286\" srcset=\"https:\/\/www.donbosco.cz\/wp-content\/uploads\/2023\/06\/thumbnail_image4.jpg 640w, https:\/\/www.donbosco.cz\/wp-content\/uploads\/2023\/06\/thumbnail_image4-300x225.jpg 300w\" sizes=\"(max-width: 640px) 100vw, 640px\" \/><\/figure><\/li><\/ul><\/figure>\n","protected":false},"excerpt":{"rendered":"","protected":false},"author":5,"featured_media":0,"parent":0,"menu_order":0,"comment_status":"closed","ping_status":"closed","template":"","meta":[],"_links":{"self":[{"href":"https:\/\/www.donbosco.cz\/index.php\/wp-json\/wp\/v2\/pages\/3287"}],"collection":[{"href":"https:\/\/www.donbosco.cz\/index.php\/wp-json\/wp\/v2\/pages"}],"about":[{"href":"https:\/\/www.donbosco.cz\/index.php\/wp-json\/wp\/v2\/types\/page"}],"author":[{"embeddable":true,"href":"https:\/\/www.donbosco.cz\/index.php\/wp-json\/wp\/v2\/users\/5"}],"replies":[{"embeddable":true,"href":"https:\/\/www.donbosco.cz\/index.php\/wp-json\/wp\/v2\/comments?post=3287"}],"version-history":[{"count":1,"href":"https:\/\/www.donbosco.cz\/index.php\/wp-json\/wp\/v2\/pages\/3287\/revisions"}],"predecessor-version":[{"id":3288,"href":"https:\/\/www.donbosco.cz\/index.php\/wp-json\/wp\/v2\/pages\/3287\/revisions\/3288"}],"wp:attachment":[{"href":"https:\/\/www.donbosco.cz\/index.php\/wp-json\/wp\/v2\/media?parent=3287"}],"curies":[{"name":"wp","href":"https:\/\/api.w.org\/{rel}","templated":true}]}}