{"id":3212,"date":"2023-05-27T09:17:21","date_gmt":"2023-05-27T09:17:21","guid":{"rendered":"https:\/\/www.donbosco.cz\/?page_id=3212"},"modified":"2023-05-27T09:17:21","modified_gmt":"2023-05-27T09:17:21","slug":"prochazka-prahou-a-narodni-galerie-3-a-4-trida","status":"publish","type":"page","link":"https:\/\/www.donbosco.cz\/index.php\/prochazka-prahou-a-narodni-galerie-3-a-4-trida\/","title":{"rendered":"Proch\u00e1zka Prahou a N\u00e1rodn\u00ed galerie 3. a 4. t\u0159\u00edda"},"content":{"rendered":"\n<figure class=\"wp-block-gallery columns-4 is-cropped\"><ul class=\"blocks-gallery-grid\"><li class=\"blocks-gallery-item\"><figure><img loading=\"lazy\" width=\"473\" height=\"1024\" src=\"http:\/\/www.donbosco.cz\/wp-content\/uploads\/2023\/05\/IMG-20230524-WA0001-473x1024.jpg\" alt=\"\" data-id=\"3194\" data-full-url=\"http:\/\/www.donbosco.cz\/wp-content\/uploads\/2023\/05\/IMG-20230524-WA0001.jpg\" data-link=\"https:\/\/www.donbosco.cz\/img-20230524-wa0001\/\" class=\"wp-image-3194\" srcset=\"https:\/\/www.donbosco.cz\/wp-content\/uploads\/2023\/05\/IMG-20230524-WA0001-473x1024.jpg 473w, https:\/\/www.donbosco.cz\/wp-content\/uploads\/2023\/05\/IMG-20230524-WA0001-139x300.jpg 139w, https:\/\/www.donbosco.cz\/wp-content\/uploads\/2023\/05\/IMG-20230524-WA0001-768x1662.jpg 768w, https:\/\/www.donbosco.cz\/wp-content\/uploads\/2023\/05\/IMG-20230524-WA0001-710x1536.jpg 710w, https:\/\/www.donbosco.cz\/wp-content\/uploads\/2023\/05\/IMG-20230524-WA0001.jpg 924w\" sizes=\"(max-width: 473px) 100vw, 473px\" \/><\/figure><\/li><li class=\"blocks-gallery-item\"><figure><img loading=\"lazy\" width=\"473\" height=\"1024\" src=\"http:\/\/www.donbosco.cz\/wp-content\/uploads\/2023\/05\/IMG-20230524-WA0003-473x1024.jpg\" alt=\"\" data-id=\"3195\" data-full-url=\"http:\/\/www.donbosco.cz\/wp-content\/uploads\/2023\/05\/IMG-20230524-WA0003.jpg\" data-link=\"https:\/\/www.donbosco.cz\/img-20230524-wa0003\/\" class=\"wp-image-3195\" srcset=\"https:\/\/www.donbosco.cz\/wp-content\/uploads\/2023\/05\/IMG-20230524-WA0003-473x1024.jpg 473w, https:\/\/www.donbosco.cz\/wp-content\/uploads\/2023\/05\/IMG-20230524-WA0003-139x300.jpg 139w, https:\/\/www.donbosco.cz\/wp-content\/uploads\/2023\/05\/IMG-20230524-WA0003-768x1662.jpg 768w, https:\/\/www.donbosco.cz\/wp-content\/uploads\/2023\/05\/IMG-20230524-WA0003-710x1536.jpg 710w, https:\/\/www.donbosco.cz\/wp-content\/uploads\/2023\/05\/IMG-20230524-WA0003.jpg 924w\" sizes=\"(max-width: 473px) 100vw, 473px\" \/><\/figure><\/li><li class=\"blocks-gallery-item\"><figure><img loading=\"lazy\" width=\"473\" height=\"1024\" src=\"http:\/\/www.donbosco.cz\/wp-content\/uploads\/2023\/05\/IMG-20230524-WA0004-473x1024.jpg\" alt=\"\" data-id=\"3196\" data-full-url=\"http:\/\/www.donbosco.cz\/wp-content\/uploads\/2023\/05\/IMG-20230524-WA0004.jpg\" data-link=\"https:\/\/www.donbosco.cz\/img-20230524-wa0004\/\" class=\"wp-image-3196\" srcset=\"https:\/\/www.donbosco.cz\/wp-content\/uploads\/2023\/05\/IMG-20230524-WA0004-473x1024.jpg 473w, https:\/\/www.donbosco.cz\/wp-content\/uploads\/2023\/05\/IMG-20230524-WA0004-139x300.jpg 139w, https:\/\/www.donbosco.cz\/wp-content\/uploads\/2023\/05\/IMG-20230524-WA0004-768x1662.jpg 768w, https:\/\/www.donbosco.cz\/wp-content\/uploads\/2023\/05\/IMG-20230524-WA0004-710x1536.jpg 710w, https:\/\/www.donbosco.cz\/wp-content\/uploads\/2023\/05\/IMG-20230524-WA0004.jpg 924w\" sizes=\"(max-width: 473px) 100vw, 473px\" \/><\/figure><\/li><li class=\"blocks-gallery-item\"><figure><img loading=\"lazy\" width=\"473\" height=\"1024\" src=\"http:\/\/www.donbosco.cz\/wp-content\/uploads\/2023\/05\/IMG-20230524-WA0005-473x1024.jpg\" alt=\"\" data-id=\"3197\" data-full-url=\"http:\/\/www.donbosco.cz\/wp-content\/uploads\/2023\/05\/IMG-20230524-WA0005.jpg\" data-link=\"https:\/\/www.donbosco.cz\/img-20230524-wa0005\/\" class=\"wp-image-3197\" srcset=\"https:\/\/www.donbosco.cz\/wp-content\/uploads\/2023\/05\/IMG-20230524-WA0005-473x1024.jpg 473w, https:\/\/www.donbosco.cz\/wp-content\/uploads\/2023\/05\/IMG-20230524-WA0005-139x300.jpg 139w, https:\/\/www.donbosco.cz\/wp-content\/uploads\/2023\/05\/IMG-20230524-WA0005-768x1662.jpg 768w, https:\/\/www.donbosco.cz\/wp-content\/uploads\/2023\/05\/IMG-20230524-WA0005-710x1536.jpg 710w, https:\/\/www.donbosco.cz\/wp-content\/uploads\/2023\/05\/IMG-20230524-WA0005.jpg 924w\" sizes=\"(max-width: 473px) 100vw, 473px\" \/><\/figure><\/li><li class=\"blocks-gallery-item\"><figure><img loading=\"lazy\" width=\"1024\" height=\"473\" src=\"http:\/\/www.donbosco.cz\/wp-content\/uploads\/2023\/05\/IMG-20230524-WA0006-1024x473.jpg\" alt=\"\" data-id=\"3198\" data-full-url=\"http:\/\/www.donbosco.cz\/wp-content\/uploads\/2023\/05\/IMG-20230524-WA0006.jpg\" data-link=\"https:\/\/www.donbosco.cz\/img-20230524-wa0006\/\" class=\"wp-image-3198\" srcset=\"https:\/\/www.donbosco.cz\/wp-content\/uploads\/2023\/05\/IMG-20230524-WA0006-1024x473.jpg 1024w, https:\/\/www.donbosco.cz\/wp-content\/uploads\/2023\/05\/IMG-20230524-WA0006-300x139.jpg 300w, https:\/\/www.donbosco.cz\/wp-content\/uploads\/2023\/05\/IMG-20230524-WA0006-768x355.jpg 768w, https:\/\/www.donbosco.cz\/wp-content\/uploads\/2023\/05\/IMG-20230524-WA0006-1536x710.jpg 1536w, https:\/\/www.donbosco.cz\/wp-content\/uploads\/2023\/05\/IMG-20230524-WA0006.jpg 2000w\" sizes=\"(max-width: 767px) 89vw, (max-width: 1000px) 54vw, (max-width: 1071px) 543px, 580px\" \/><\/figure><\/li><li class=\"blocks-gallery-item\"><figure><img loading=\"lazy\" width=\"473\" height=\"1024\" src=\"http:\/\/www.donbosco.cz\/wp-content\/uploads\/2023\/05\/IMG-20230524-WA0007-473x1024.jpg\" alt=\"\" data-id=\"3199\" data-full-url=\"http:\/\/www.donbosco.cz\/wp-content\/uploads\/2023\/05\/IMG-20230524-WA0007.jpg\" data-link=\"https:\/\/www.donbosco.cz\/img-20230524-wa0007\/\" class=\"wp-image-3199\" srcset=\"https:\/\/www.donbosco.cz\/wp-content\/uploads\/2023\/05\/IMG-20230524-WA0007-473x1024.jpg 473w, https:\/\/www.donbosco.cz\/wp-content\/uploads\/2023\/05\/IMG-20230524-WA0007-139x300.jpg 139w, https:\/\/www.donbosco.cz\/wp-content\/uploads\/2023\/05\/IMG-20230524-WA0007-768x1662.jpg 768w, https:\/\/www.donbosco.cz\/wp-content\/uploads\/2023\/05\/IMG-20230524-WA0007-710x1536.jpg 710w, https:\/\/www.donbosco.cz\/wp-content\/uploads\/2023\/05\/IMG-20230524-WA0007.jpg 924w\" sizes=\"(max-width: 473px) 100vw, 473px\" \/><\/figure><\/li><li class=\"blocks-gallery-item\"><figure><img loading=\"lazy\" width=\"473\" height=\"1024\" src=\"http:\/\/www.donbosco.cz\/wp-content\/uploads\/2023\/05\/IMG-20230524-WA0009-473x1024.jpg\" alt=\"\" data-id=\"3200\" data-full-url=\"http:\/\/www.donbosco.cz\/wp-content\/uploads\/2023\/05\/IMG-20230524-WA0009.jpg\" data-link=\"https:\/\/www.donbosco.cz\/img-20230524-wa0009\/\" class=\"wp-image-3200\" srcset=\"https:\/\/www.donbosco.cz\/wp-content\/uploads\/2023\/05\/IMG-20230524-WA0009-473x1024.jpg 473w, https:\/\/www.donbosco.cz\/wp-content\/uploads\/2023\/05\/IMG-20230524-WA0009-139x300.jpg 139w, https:\/\/www.donbosco.cz\/wp-content\/uploads\/2023\/05\/IMG-20230524-WA0009-768x1662.jpg 768w, https:\/\/www.donbosco.cz\/wp-content\/uploads\/2023\/05\/IMG-20230524-WA0009-710x1536.jpg 710w, https:\/\/www.donbosco.cz\/wp-content\/uploads\/2023\/05\/IMG-20230524-WA0009.jpg 924w\" sizes=\"(max-width: 473px) 100vw, 473px\" \/><\/figure><\/li><li class=\"blocks-gallery-item\"><figure><img loading=\"lazy\" width=\"473\" height=\"1024\" src=\"http:\/\/www.donbosco.cz\/wp-content\/uploads\/2023\/05\/IMG-20230524-WA0011-473x1024.jpg\" alt=\"\" data-id=\"3201\" data-full-url=\"http:\/\/www.donbosco.cz\/wp-content\/uploads\/2023\/05\/IMG-20230524-WA0011.jpg\" data-link=\"https:\/\/www.donbosco.cz\/img-20230524-wa0011\/\" class=\"wp-image-3201\" srcset=\"https:\/\/www.donbosco.cz\/wp-content\/uploads\/2023\/05\/IMG-20230524-WA0011-473x1024.jpg 473w, https:\/\/www.donbosco.cz\/wp-content\/uploads\/2023\/05\/IMG-20230524-WA0011-139x300.jpg 139w, https:\/\/www.donbosco.cz\/wp-content\/uploads\/2023\/05\/IMG-20230524-WA0011-768x1662.jpg 768w, https:\/\/www.donbosco.cz\/wp-content\/uploads\/2023\/05\/IMG-20230524-WA0011-710x1536.jpg 710w, https:\/\/www.donbosco.cz\/wp-content\/uploads\/2023\/05\/IMG-20230524-WA0011.jpg 924w\" sizes=\"(max-width: 473px) 100vw, 473px\" \/><\/figure><\/li><li class=\"blocks-gallery-item\"><figure><img loading=\"lazy\" width=\"473\" height=\"1024\" src=\"http:\/\/www.donbosco.cz\/wp-content\/uploads\/2023\/05\/IMG-20230524-WA0013-473x1024.jpg\" alt=\"\" data-id=\"3202\" data-full-url=\"http:\/\/www.donbosco.cz\/wp-content\/uploads\/2023\/05\/IMG-20230524-WA0013.jpg\" data-link=\"https:\/\/www.donbosco.cz\/img-20230524-wa0013\/\" class=\"wp-image-3202\" srcset=\"https:\/\/www.donbosco.cz\/wp-content\/uploads\/2023\/05\/IMG-20230524-WA0013-473x1024.jpg 473w, https:\/\/www.donbosco.cz\/wp-content\/uploads\/2023\/05\/IMG-20230524-WA0013-139x300.jpg 139w, https:\/\/www.donbosco.cz\/wp-content\/uploads\/2023\/05\/IMG-20230524-WA0013-768x1662.jpg 768w, https:\/\/www.donbosco.cz\/wp-content\/uploads\/2023\/05\/IMG-20230524-WA0013-710x1536.jpg 710w, https:\/\/www.donbosco.cz\/wp-content\/uploads\/2023\/05\/IMG-20230524-WA0013.jpg 924w\" sizes=\"(max-width: 473px) 100vw, 473px\" \/><\/figure><\/li><li class=\"blocks-gallery-item\"><figure><img loading=\"lazy\" width=\"473\" height=\"1024\" src=\"http:\/\/www.donbosco.cz\/wp-content\/uploads\/2023\/05\/IMG-20230524-WA0014-473x1024.jpg\" alt=\"\" data-id=\"3203\" data-full-url=\"http:\/\/www.donbosco.cz\/wp-content\/uploads\/2023\/05\/IMG-20230524-WA0014.jpg\" data-link=\"https:\/\/www.donbosco.cz\/img-20230524-wa0014\/\" class=\"wp-image-3203\" srcset=\"https:\/\/www.donbosco.cz\/wp-content\/uploads\/2023\/05\/IMG-20230524-WA0014-473x1024.jpg 473w, https:\/\/www.donbosco.cz\/wp-content\/uploads\/2023\/05\/IMG-20230524-WA0014-139x300.jpg 139w, https:\/\/www.donbosco.cz\/wp-content\/uploads\/2023\/05\/IMG-20230524-WA0014-768x1662.jpg 768w, https:\/\/www.donbosco.cz\/wp-content\/uploads\/2023\/05\/IMG-20230524-WA0014-710x1536.jpg 710w, https:\/\/www.donbosco.cz\/wp-content\/uploads\/2023\/05\/IMG-20230524-WA0014.jpg 924w\" sizes=\"(max-width: 473px) 100vw, 473px\" \/><\/figure><\/li><li class=\"blocks-gallery-item\"><figure><img loading=\"lazy\" width=\"473\" height=\"1024\" src=\"http:\/\/www.donbosco.cz\/wp-content\/uploads\/2023\/05\/IMG-20230524-WA0016-473x1024.jpg\" alt=\"\" data-id=\"3204\" data-full-url=\"http:\/\/www.donbosco.cz\/wp-content\/uploads\/2023\/05\/IMG-20230524-WA0016.jpg\" data-link=\"https:\/\/www.donbosco.cz\/img-20230524-wa0016\/\" class=\"wp-image-3204\" srcset=\"https:\/\/www.donbosco.cz\/wp-content\/uploads\/2023\/05\/IMG-20230524-WA0016-473x1024.jpg 473w, https:\/\/www.donbosco.cz\/wp-content\/uploads\/2023\/05\/IMG-20230524-WA0016-139x300.jpg 139w, https:\/\/www.donbosco.cz\/wp-content\/uploads\/2023\/05\/IMG-20230524-WA0016-768x1662.jpg 768w, https:\/\/www.donbosco.cz\/wp-content\/uploads\/2023\/05\/IMG-20230524-WA0016-710x1536.jpg 710w, https:\/\/www.donbosco.cz\/wp-content\/uploads\/2023\/05\/IMG-20230524-WA0016.jpg 924w\" sizes=\"(max-width: 473px) 100vw, 473px\" \/><\/figure><\/li><li class=\"blocks-gallery-item\"><figure><img loading=\"lazy\" width=\"473\" height=\"1024\" src=\"http:\/\/www.donbosco.cz\/wp-content\/uploads\/2023\/05\/IMG-20230524-WA0017-473x1024.jpg\" alt=\"\" data-id=\"3205\" data-full-url=\"http:\/\/www.donbosco.cz\/wp-content\/uploads\/2023\/05\/IMG-20230524-WA0017.jpg\" data-link=\"https:\/\/www.donbosco.cz\/img-20230524-wa0017\/\" class=\"wp-image-3205\" srcset=\"https:\/\/www.donbosco.cz\/wp-content\/uploads\/2023\/05\/IMG-20230524-WA0017-473x1024.jpg 473w, https:\/\/www.donbosco.cz\/wp-content\/uploads\/2023\/05\/IMG-20230524-WA0017-139x300.jpg 139w, https:\/\/www.donbosco.cz\/wp-content\/uploads\/2023\/05\/IMG-20230524-WA0017-768x1662.jpg 768w, https:\/\/www.donbosco.cz\/wp-content\/uploads\/2023\/05\/IMG-20230524-WA0017-710x1536.jpg 710w, https:\/\/www.donbosco.cz\/wp-content\/uploads\/2023\/05\/IMG-20230524-WA0017.jpg 924w\" sizes=\"(max-width: 473px) 100vw, 473px\" \/><\/figure><\/li><li class=\"blocks-gallery-item\"><figure><img loading=\"lazy\" width=\"473\" height=\"1024\" src=\"http:\/\/www.donbosco.cz\/wp-content\/uploads\/2023\/05\/IMG-20230524-WA0023-473x1024.jpg\" alt=\"\" data-id=\"3207\" data-full-url=\"http:\/\/www.donbosco.cz\/wp-content\/uploads\/2023\/05\/IMG-20230524-WA0023.jpg\" data-link=\"https:\/\/www.donbosco.cz\/img-20230524-wa0023\/\" class=\"wp-image-3207\" srcset=\"https:\/\/www.donbosco.cz\/wp-content\/uploads\/2023\/05\/IMG-20230524-WA0023-473x1024.jpg 473w, https:\/\/www.donbosco.cz\/wp-content\/uploads\/2023\/05\/IMG-20230524-WA0023-139x300.jpg 139w, https:\/\/www.donbosco.cz\/wp-content\/uploads\/2023\/05\/IMG-20230524-WA0023-768x1662.jpg 768w, https:\/\/www.donbosco.cz\/wp-content\/uploads\/2023\/05\/IMG-20230524-WA0023-710x1536.jpg 710w, https:\/\/www.donbosco.cz\/wp-content\/uploads\/2023\/05\/IMG-20230524-WA0023.jpg 924w\" sizes=\"(max-width: 473px) 100vw, 473px\" \/><\/figure><\/li><li class=\"blocks-gallery-item\"><figure><img loading=\"lazy\" width=\"473\" height=\"1024\" src=\"http:\/\/www.donbosco.cz\/wp-content\/uploads\/2023\/05\/IMG-20230524-WA0020-473x1024.jpg\" alt=\"\" data-id=\"3206\" data-full-url=\"http:\/\/www.donbosco.cz\/wp-content\/uploads\/2023\/05\/IMG-20230524-WA0020.jpg\" data-link=\"https:\/\/www.donbosco.cz\/img-20230524-wa0020\/\" class=\"wp-image-3206\" srcset=\"https:\/\/www.donbosco.cz\/wp-content\/uploads\/2023\/05\/IMG-20230524-WA0020-473x1024.jpg 473w, https:\/\/www.donbosco.cz\/wp-content\/uploads\/2023\/05\/IMG-20230524-WA0020-139x300.jpg 139w, https:\/\/www.donbosco.cz\/wp-content\/uploads\/2023\/05\/IMG-20230524-WA0020-768x1662.jpg 768w, https:\/\/www.donbosco.cz\/wp-content\/uploads\/2023\/05\/IMG-20230524-WA0020-710x1536.jpg 710w, https:\/\/www.donbosco.cz\/wp-content\/uploads\/2023\/05\/IMG-20230524-WA0020.jpg 924w\" sizes=\"(max-width: 473px) 100vw, 473px\" \/><\/figure><\/li><li class=\"blocks-gallery-item\"><figure><img loading=\"lazy\" width=\"473\" height=\"1024\" src=\"http:\/\/www.donbosco.cz\/wp-content\/uploads\/2023\/05\/IMG-20230524-WA0024-473x1024.jpg\" alt=\"\" data-id=\"3208\" data-full-url=\"http:\/\/www.donbosco.cz\/wp-content\/uploads\/2023\/05\/IMG-20230524-WA0024.jpg\" data-link=\"https:\/\/www.donbosco.cz\/img-20230524-wa0024\/\" class=\"wp-image-3208\" srcset=\"https:\/\/www.donbosco.cz\/wp-content\/uploads\/2023\/05\/IMG-20230524-WA0024-473x1024.jpg 473w, https:\/\/www.donbosco.cz\/wp-content\/uploads\/2023\/05\/IMG-20230524-WA0024-139x300.jpg 139w, https:\/\/www.donbosco.cz\/wp-content\/uploads\/2023\/05\/IMG-20230524-WA0024-768x1662.jpg 768w, https:\/\/www.donbosco.cz\/wp-content\/uploads\/2023\/05\/IMG-20230524-WA0024-710x1536.jpg 710w, https:\/\/www.donbosco.cz\/wp-content\/uploads\/2023\/05\/IMG-20230524-WA0024.jpg 924w\" sizes=\"(max-width: 473px) 100vw, 473px\" \/><\/figure><\/li><li class=\"blocks-gallery-item\"><figure><img loading=\"lazy\" width=\"473\" height=\"1024\" src=\"http:\/\/www.donbosco.cz\/wp-content\/uploads\/2023\/05\/IMG-20230524-WA0025-473x1024.jpg\" alt=\"\" data-id=\"3209\" data-full-url=\"http:\/\/www.donbosco.cz\/wp-content\/uploads\/2023\/05\/IMG-20230524-WA0025.jpg\" data-link=\"https:\/\/www.donbosco.cz\/img-20230524-wa0025\/\" class=\"wp-image-3209\" srcset=\"https:\/\/www.donbosco.cz\/wp-content\/uploads\/2023\/05\/IMG-20230524-WA0025-473x1024.jpg 473w, https:\/\/www.donbosco.cz\/wp-content\/uploads\/2023\/05\/IMG-20230524-WA0025-139x300.jpg 139w, https:\/\/www.donbosco.cz\/wp-content\/uploads\/2023\/05\/IMG-20230524-WA0025-768x1662.jpg 768w, https:\/\/www.donbosco.cz\/wp-content\/uploads\/2023\/05\/IMG-20230524-WA0025-710x1536.jpg 710w, https:\/\/www.donbosco.cz\/wp-content\/uploads\/2023\/05\/IMG-20230524-WA0025.jpg 924w\" sizes=\"(max-width: 473px) 100vw, 473px\" \/><\/figure><\/li><li class=\"blocks-gallery-item\"><figure><img loading=\"lazy\" width=\"473\" height=\"1024\" src=\"http:\/\/www.donbosco.cz\/wp-content\/uploads\/2023\/05\/IMG-20230524-WA0026-473x1024.jpg\" alt=\"\" data-id=\"3210\" data-full-url=\"http:\/\/www.donbosco.cz\/wp-content\/uploads\/2023\/05\/IMG-20230524-WA0026.jpg\" data-link=\"https:\/\/www.donbosco.cz\/img-20230524-wa0026\/\" class=\"wp-image-3210\" srcset=\"https:\/\/www.donbosco.cz\/wp-content\/uploads\/2023\/05\/IMG-20230524-WA0026-473x1024.jpg 473w, https:\/\/www.donbosco.cz\/wp-content\/uploads\/2023\/05\/IMG-20230524-WA0026-139x300.jpg 139w, https:\/\/www.donbosco.cz\/wp-content\/uploads\/2023\/05\/IMG-20230524-WA0026-768x1662.jpg 768w, https:\/\/www.donbosco.cz\/wp-content\/uploads\/2023\/05\/IMG-20230524-WA0026-710x1536.jpg 710w, https:\/\/www.donbosco.cz\/wp-content\/uploads\/2023\/05\/IMG-20230524-WA0026.jpg 924w\" sizes=\"(max-width: 473px) 100vw, 473px\" \/><\/figure><\/li><li class=\"blocks-gallery-item\"><figure><img loading=\"lazy\" width=\"727\" height=\"919\" src=\"http:\/\/www.donbosco.cz\/wp-content\/uploads\/2023\/05\/IMG-20230524-WA0027.jpg\" alt=\"\" data-id=\"3211\" data-full-url=\"http:\/\/www.donbosco.cz\/wp-content\/uploads\/2023\/05\/IMG-20230524-WA0027.jpg\" data-link=\"https:\/\/www.donbosco.cz\/img-20230524-wa0027\/\" class=\"wp-image-3211\" srcset=\"https:\/\/www.donbosco.cz\/wp-content\/uploads\/2023\/05\/IMG-20230524-WA0027.jpg 727w, https:\/\/www.donbosco.cz\/wp-content\/uploads\/2023\/05\/IMG-20230524-WA0027-237x300.jpg 237w\" sizes=\"(max-width: 727px) 100vw, 727px\" \/><\/figure><\/li><\/ul><\/figure>\n","protected":false},"excerpt":{"rendered":"","protected":false},"author":5,"featured_media":0,"parent":0,"menu_order":0,"comment_status":"closed","ping_status":"closed","template":"","meta":[],"_links":{"self":[{"href":"https:\/\/www.donbosco.cz\/index.php\/wp-json\/wp\/v2\/pages\/3212"}],"collection":[{"href":"https:\/\/www.donbosco.cz\/index.php\/wp-json\/wp\/v2\/pages"}],"about":[{"href":"https:\/\/www.donbosco.cz\/index.php\/wp-json\/wp\/v2\/types\/page"}],"author":[{"embeddable":true,"href":"https:\/\/www.donbosco.cz\/index.php\/wp-json\/wp\/v2\/users\/5"}],"replies":[{"embeddable":true,"href":"https:\/\/www.donbosco.cz\/index.php\/wp-json\/wp\/v2\/comments?post=3212"}],"version-history":[{"count":1,"href":"https:\/\/www.donbosco.cz\/index.php\/wp-json\/wp\/v2\/pages\/3212\/revisions"}],"predecessor-version":[{"id":3213,"href":"https:\/\/www.donbosco.cz\/index.php\/wp-json\/wp\/v2\/pages\/3212\/revisions\/3213"}],"wp:attachment":[{"href":"https:\/\/www.donbosco.cz\/index.php\/wp-json\/wp\/v2\/media?parent=3212"}],"curies":[{"name":"wp","href":"https:\/\/api.w.org\/{rel}","templated":true}]}}