{"id":2928,"date":"2023-01-29T09:32:16","date_gmt":"2023-01-29T09:32:16","guid":{"rendered":"https:\/\/www.donbosco.cz\/?page_id=2928"},"modified":"2023-01-29T09:32:16","modified_gmt":"2023-01-29T09:32:16","slug":"na-vystave-korunovacnich-klenotu","status":"publish","type":"page","link":"https:\/\/www.donbosco.cz\/index.php\/na-vystave-korunovacnich-klenotu\/","title":{"rendered":"Na v\u00fdstav\u011b korunova\u010dn\u00edch klenot\u016f"},"content":{"rendered":"\n<figure class=\"wp-block-gallery columns-3 is-cropped\"><ul class=\"blocks-gallery-grid\"><li class=\"blocks-gallery-item\"><figure><a href=\"http:\/\/www.donbosco.cz\/wp-content\/uploads\/2023\/01\/DSC_1647-scaled.jpg\"><img loading=\"lazy\" width=\"1024\" height=\"577\" src=\"http:\/\/www.donbosco.cz\/wp-content\/uploads\/2023\/01\/DSC_1647-1024x577.jpg\" alt=\"\" data-id=\"2923\" data-full-url=\"http:\/\/www.donbosco.cz\/wp-content\/uploads\/2023\/01\/DSC_1647-scaled.jpg\" data-link=\"https:\/\/www.donbosco.cz\/dsc_1647\/\" class=\"wp-image-2923\" srcset=\"https:\/\/www.donbosco.cz\/wp-content\/uploads\/2023\/01\/DSC_1647-1024x577.jpg 1024w, https:\/\/www.donbosco.cz\/wp-content\/uploads\/2023\/01\/DSC_1647-300x169.jpg 300w, https:\/\/www.donbosco.cz\/wp-content\/uploads\/2023\/01\/DSC_1647-768x433.jpg 768w, https:\/\/www.donbosco.cz\/wp-content\/uploads\/2023\/01\/DSC_1647-1536x866.jpg 1536w, https:\/\/www.donbosco.cz\/wp-content\/uploads\/2023\/01\/DSC_1647-2048x1154.jpg 2048w\" sizes=\"(max-width: 767px) 89vw, (max-width: 1000px) 54vw, (max-width: 1071px) 543px, 580px\" \/><\/a><\/figure><\/li><li class=\"blocks-gallery-item\"><figure><a href=\"http:\/\/www.donbosco.cz\/wp-content\/uploads\/2023\/01\/DSC_1657-scaled.jpg\"><img loading=\"lazy\" width=\"1024\" height=\"577\" src=\"http:\/\/www.donbosco.cz\/wp-content\/uploads\/2023\/01\/DSC_1657-1024x577.jpg\" alt=\"\" data-id=\"2924\" data-full-url=\"http:\/\/www.donbosco.cz\/wp-content\/uploads\/2023\/01\/DSC_1657-scaled.jpg\" data-link=\"https:\/\/www.donbosco.cz\/dsc_1657\/\" class=\"wp-image-2924\" srcset=\"https:\/\/www.donbosco.cz\/wp-content\/uploads\/2023\/01\/DSC_1657-1024x577.jpg 1024w, https:\/\/www.donbosco.cz\/wp-content\/uploads\/2023\/01\/DSC_1657-300x169.jpg 300w, https:\/\/www.donbosco.cz\/wp-content\/uploads\/2023\/01\/DSC_1657-768x433.jpg 768w, https:\/\/www.donbosco.cz\/wp-content\/uploads\/2023\/01\/DSC_1657-1536x866.jpg 1536w, https:\/\/www.donbosco.cz\/wp-content\/uploads\/2023\/01\/DSC_1657-2048x1154.jpg 2048w\" sizes=\"(max-width: 767px) 89vw, (max-width: 1000px) 54vw, (max-width: 1071px) 543px, 580px\" \/><\/a><\/figure><\/li><li class=\"blocks-gallery-item\"><figure><a href=\"http:\/\/www.donbosco.cz\/wp-content\/uploads\/2023\/01\/DSC_1622-scaled.jpg\"><img loading=\"lazy\" width=\"1024\" height=\"577\" src=\"http:\/\/www.donbosco.cz\/wp-content\/uploads\/2023\/01\/DSC_1622-1024x577.jpg\" alt=\"\" data-id=\"2922\" data-full-url=\"http:\/\/www.donbosco.cz\/wp-content\/uploads\/2023\/01\/DSC_1622-scaled.jpg\" data-link=\"https:\/\/www.donbosco.cz\/dsc_1622\/\" class=\"wp-image-2922\" srcset=\"https:\/\/www.donbosco.cz\/wp-content\/uploads\/2023\/01\/DSC_1622-1024x577.jpg 1024w, https:\/\/www.donbosco.cz\/wp-content\/uploads\/2023\/01\/DSC_1622-300x169.jpg 300w, https:\/\/www.donbosco.cz\/wp-content\/uploads\/2023\/01\/DSC_1622-768x433.jpg 768w, https:\/\/www.donbosco.cz\/wp-content\/uploads\/2023\/01\/DSC_1622-1536x866.jpg 1536w, https:\/\/www.donbosco.cz\/wp-content\/uploads\/2023\/01\/DSC_1622-2048x1154.jpg 2048w\" sizes=\"(max-width: 767px) 89vw, (max-width: 1000px) 54vw, (max-width: 1071px) 543px, 580px\" \/><\/a><\/figure><\/li><\/ul><\/figure>\n","protected":false},"excerpt":{"rendered":"","protected":false},"author":5,"featured_media":0,"parent":0,"menu_order":0,"comment_status":"closed","ping_status":"closed","template":"","meta":[],"_links":{"self":[{"href":"https:\/\/www.donbosco.cz\/index.php\/wp-json\/wp\/v2\/pages\/2928"}],"collection":[{"href":"https:\/\/www.donbosco.cz\/index.php\/wp-json\/wp\/v2\/pages"}],"about":[{"href":"https:\/\/www.donbosco.cz\/index.php\/wp-json\/wp\/v2\/types\/page"}],"author":[{"embeddable":true,"href":"https:\/\/www.donbosco.cz\/index.php\/wp-json\/wp\/v2\/users\/5"}],"replies":[{"embeddable":true,"href":"https:\/\/www.donbosco.cz\/index.php\/wp-json\/wp\/v2\/comments?post=2928"}],"version-history":[{"count":1,"href":"https:\/\/www.donbosco.cz\/index.php\/wp-json\/wp\/v2\/pages\/2928\/revisions"}],"predecessor-version":[{"id":2929,"href":"https:\/\/www.donbosco.cz\/index.php\/wp-json\/wp\/v2\/pages\/2928\/revisions\/2929"}],"wp:attachment":[{"href":"https:\/\/www.donbosco.cz\/index.php\/wp-json\/wp\/v2\/media?parent=2928"}],"curies":[{"name":"wp","href":"https:\/\/api.w.org\/{rel}","templated":true}]}}